{"id":1367,"date":"2023-01-19T13:34:23","date_gmt":"2023-01-19T12:34:23","guid":{"rendered":"https:\/\/www.teamprofi.de\/tsv-otterfing\/?post_type=product&#038;p=1367"},"modified":"2023-02-22T16:58:37","modified_gmt":"2023-02-22T15:58:37","slug":"classico-kapuzenjacke-tennis","status":"publish","type":"product","link":"https:\/\/www.teamprofi.de\/tsv-otterfing\/produkt\/classico-kapuzenjacke-tennis\/","title":{"rendered":"Classico Kapuzenjacke Tennis"},"content":{"rendered":"<p>L\u00e4ssige Auftritte mit Kapuze in einem klassischen Oberteil. Der Stil der Kapuzenjacke Classico ist auf das Wesentliche reduziert. Einfarbig in rot, royal, sportgr\u00fcn, schwarz, marine und nightblue\/citro erh\u00e4ltlich, zeigt sie den Schriftzug JAKO und unsere Markensymbole. Die Innenseite aus Microfleece sowie die Zippergarage garantieren besonders hohen Tragekomfort. In den Seitentaschen lassen sich Alltagsgegenst\u00e4nde praktisch aufbewahren. Das Oberteil ist in den Gr\u00f6\u00dfen 128 \u2013 164 und S \u2013 4XL verf\u00fcgbar.<\/p>\n<p><strong>Produktdetails:<\/strong><\/p>\n<ul>\n<li>Innenseite aus Microfleece<\/li>\n<li>Seitentaschen mit Rei\u00dfverschluss<\/li>\n<li>Kapuze<\/li>\n<li>Zippergarage<\/li>\n<\/ul>\n<p><strong>Material:<\/strong><\/p>\n<ul>\n<li>Bonded-Polyester-Fleece<\/li>\n<li>100 % Polyester<\/li>\n<\/ul>\n","protected":false},"excerpt":{"rendered":"<p>L\u00e4ssige Auftritte mit Kapuze in einem klassischen Oberteil. Der Stil der Kapuzenjacke Classico ist auf das Wesentliche reduziert. Einfarbig in rot, royal, sportgr\u00fcn, schwarz, marine und nightblue\/citro erh\u00e4ltlich, zeigt sie<\/p>\n","protected":false},"featured_media":1379,"template":"","meta":{"inline_featured_image":false},"product_brand":[],"product_cat":[121],"product_tag":[],"class_list":{"0":"post-1367","1":"product","2":"type-product","3":"status-publish","4":"has-post-thumbnail","6":"product_cat-teamsport_tennis","8":"first","9":"instock","10":"taxable","11":"shipping-taxable","12":"purchasable","13":"product-type-variable"},"yoast_head":"<!-- This site is optimized with the Yoast SEO plugin v27.0 - https:\/\/yoast.com\/product\/yoast-seo-wordpress\/ -->\n<title>Classico Kapuzenjacke Tennis - TSV Otterfing<\/title>\n<meta name=\"robots\" content=\"index, follow, max-snippet:-1, max-image-preview:large, max-video-preview:-1\" \/>\n<link rel=\"canonical\" href=\"https:\/\/www.teamprofi.de\/tsv-otterfing\/produkt\/classico-kapuzenjacke-tennis\/\" \/>\n<meta property=\"og:locale\" content=\"de_DE\" \/>\n<meta property=\"og:type\" content=\"article\" \/>\n<meta property=\"og:title\" content=\"Classico Kapuzenjacke Tennis - TSV Otterfing\" \/>\n<meta property=\"og:description\" content=\"L\u00e4ssige Auftritte mit Kapuze in einem klassischen Oberteil. Der Stil der Kapuzenjacke Classico ist auf das Wesentliche reduziert. Einfarbig in rot, royal, sportgr\u00fcn, schwarz, marine und nightblue\/citro erh\u00e4ltlich, zeigt sie\" \/>\n<meta property=\"og:url\" content=\"https:\/\/www.teamprofi.de\/tsv-otterfing\/produkt\/classico-kapuzenjacke-tennis\/\" \/>\n<meta property=\"og:site_name\" content=\"TSV Otterfing\" \/>\n<meta property=\"article:modified_time\" content=\"2023-02-22T15:58:37+00:00\" \/>\n<meta property=\"og:image\" content=\"https:\/\/www.teamprofi.de\/tsv-otterfing\/wp-content\/uploads\/sites\/22\/2023\/01\/Otterfing6850v2.jpg\" \/>\n\t<meta property=\"og:image:width\" content=\"3307\" \/>\n\t<meta property=\"og:image:height\" content=\"3308\" \/>\n\t<meta property=\"og:image:type\" content=\"image\/jpeg\" \/>\n<meta name=\"twitter:card\" content=\"summary_large_image\" \/>\n<script type=\"application\/ld+json\" class=\"yoast-schema-graph\">{\"@context\":\"https:\/\/schema.org\",\"@graph\":[{\"@type\":\"WebPage\",\"@id\":\"https:\/\/www.teamprofi.de\/tsv-otterfing\/produkt\/classico-kapuzenjacke-tennis\/\",\"url\":\"https:\/\/www.teamprofi.de\/tsv-otterfing\/produkt\/classico-kapuzenjacke-tennis\/\",\"name\":\"Classico Kapuzenjacke Tennis - TSV Otterfing\",\"isPartOf\":{\"@id\":\"https:\/\/www.teamprofi.de\/tsv-otterfing\/#website\"},\"primaryImageOfPage\":{\"@id\":\"https:\/\/www.teamprofi.de\/tsv-otterfing\/produkt\/classico-kapuzenjacke-tennis\/#primaryimage\"},\"image\":{\"@id\":\"https:\/\/www.teamprofi.de\/tsv-otterfing\/produkt\/classico-kapuzenjacke-tennis\/#primaryimage\"},\"thumbnailUrl\":\"https:\/\/www.teamprofi.de\/tsv-otterfing\/wp-content\/uploads\/sites\/22\/2023\/01\/Otterfing6850v2.jpg\",\"datePublished\":\"2023-01-19T12:34:23+00:00\",\"dateModified\":\"2023-02-22T15:58:37+00:00\",\"breadcrumb\":{\"@id\":\"https:\/\/www.teamprofi.de\/tsv-otterfing\/produkt\/classico-kapuzenjacke-tennis\/#breadcrumb\"},\"inLanguage\":\"de\",\"potentialAction\":[{\"@type\":\"ReadAction\",\"target\":[\"https:\/\/www.teamprofi.de\/tsv-otterfing\/produkt\/classico-kapuzenjacke-tennis\/\"]}]},{\"@type\":\"ImageObject\",\"inLanguage\":\"de\",\"@id\":\"https:\/\/www.teamprofi.de\/tsv-otterfing\/produkt\/classico-kapuzenjacke-tennis\/#primaryimage\",\"url\":\"https:\/\/www.teamprofi.de\/tsv-otterfing\/wp-content\/uploads\/sites\/22\/2023\/01\/Otterfing6850v2.jpg\",\"contentUrl\":\"https:\/\/www.teamprofi.de\/tsv-otterfing\/wp-content\/uploads\/sites\/22\/2023\/01\/Otterfing6850v2.jpg\",\"width\":3307,\"height\":3308},{\"@type\":\"BreadcrumbList\",\"@id\":\"https:\/\/www.teamprofi.de\/tsv-otterfing\/produkt\/classico-kapuzenjacke-tennis\/#breadcrumb\",\"itemListElement\":[{\"@type\":\"ListItem\",\"position\":1,\"name\":\"Startseite\",\"item\":\"https:\/\/www.teamprofi.de\/tsv-otterfing\/\"},{\"@type\":\"ListItem\",\"position\":2,\"name\":\"Shop\",\"item\":\"https:\/\/www.teamprofi.de\/tsv-otterfing\/shop\/\"},{\"@type\":\"ListItem\",\"position\":3,\"name\":\"Classico Kapuzenjacke Tennis\"}]},{\"@type\":\"WebSite\",\"@id\":\"https:\/\/www.teamprofi.de\/tsv-otterfing\/#website\",\"url\":\"https:\/\/www.teamprofi.de\/tsv-otterfing\/\",\"name\":\"TSV Otterfing\",\"description\":\"Eine weitere Vereins Shops - Sport G\u00fcrteler Website\",\"potentialAction\":[{\"@type\":\"SearchAction\",\"target\":{\"@type\":\"EntryPoint\",\"urlTemplate\":\"https:\/\/www.teamprofi.de\/tsv-otterfing\/?s={search_term_string}\"},\"query-input\":{\"@type\":\"PropertyValueSpecification\",\"valueRequired\":true,\"valueName\":\"search_term_string\"}}],\"inLanguage\":\"de\"}]}<\/script>\n<!-- \/ Yoast SEO plugin. -->","yoast_head_json":{"title":"Classico Kapuzenjacke Tennis - TSV Otterfing","robots":{"index":"index","follow":"follow","max-snippet":"max-snippet:-1","max-image-preview":"max-image-preview:large","max-video-preview":"max-video-preview:-1"},"canonical":"https:\/\/www.teamprofi.de\/tsv-otterfing\/produkt\/classico-kapuzenjacke-tennis\/","og_locale":"de_DE","og_type":"article","og_title":"Classico Kapuzenjacke Tennis - TSV Otterfing","og_description":"L\u00e4ssige Auftritte mit Kapuze in einem klassischen Oberteil. Der Stil der Kapuzenjacke Classico ist auf das Wesentliche reduziert. Einfarbig in rot, royal, sportgr\u00fcn, schwarz, marine und nightblue\/citro erh\u00e4ltlich, zeigt sie","og_url":"https:\/\/www.teamprofi.de\/tsv-otterfing\/produkt\/classico-kapuzenjacke-tennis\/","og_site_name":"TSV Otterfing","article_modified_time":"2023-02-22T15:58:37+00:00","og_image":[{"width":3307,"height":3308,"url":"https:\/\/www.teamprofi.de\/tsv-otterfing\/wp-content\/uploads\/sites\/22\/2023\/01\/Otterfing6850v2.jpg","type":"image\/jpeg"}],"twitter_card":"summary_large_image","schema":{"@context":"https:\/\/schema.org","@graph":[{"@type":"WebPage","@id":"https:\/\/www.teamprofi.de\/tsv-otterfing\/produkt\/classico-kapuzenjacke-tennis\/","url":"https:\/\/www.teamprofi.de\/tsv-otterfing\/produkt\/classico-kapuzenjacke-tennis\/","name":"Classico Kapuzenjacke Tennis - TSV Otterfing","isPartOf":{"@id":"https:\/\/www.teamprofi.de\/tsv-otterfing\/#website"},"primaryImageOfPage":{"@id":"https:\/\/www.teamprofi.de\/tsv-otterfing\/produkt\/classico-kapuzenjacke-tennis\/#primaryimage"},"image":{"@id":"https:\/\/www.teamprofi.de\/tsv-otterfing\/produkt\/classico-kapuzenjacke-tennis\/#primaryimage"},"thumbnailUrl":"https:\/\/www.teamprofi.de\/tsv-otterfing\/wp-content\/uploads\/sites\/22\/2023\/01\/Otterfing6850v2.jpg","datePublished":"2023-01-19T12:34:23+00:00","dateModified":"2023-02-22T15:58:37+00:00","breadcrumb":{"@id":"https:\/\/www.teamprofi.de\/tsv-otterfing\/produkt\/classico-kapuzenjacke-tennis\/#breadcrumb"},"inLanguage":"de","potentialAction":[{"@type":"ReadAction","target":["https:\/\/www.teamprofi.de\/tsv-otterfing\/produkt\/classico-kapuzenjacke-tennis\/"]}]},{"@type":"ImageObject","inLanguage":"de","@id":"https:\/\/www.teamprofi.de\/tsv-otterfing\/produkt\/classico-kapuzenjacke-tennis\/#primaryimage","url":"https:\/\/www.teamprofi.de\/tsv-otterfing\/wp-content\/uploads\/sites\/22\/2023\/01\/Otterfing6850v2.jpg","contentUrl":"https:\/\/www.teamprofi.de\/tsv-otterfing\/wp-content\/uploads\/sites\/22\/2023\/01\/Otterfing6850v2.jpg","width":3307,"height":3308},{"@type":"BreadcrumbList","@id":"https:\/\/www.teamprofi.de\/tsv-otterfing\/produkt\/classico-kapuzenjacke-tennis\/#breadcrumb","itemListElement":[{"@type":"ListItem","position":1,"name":"Startseite","item":"https:\/\/www.teamprofi.de\/tsv-otterfing\/"},{"@type":"ListItem","position":2,"name":"Shop","item":"https:\/\/www.teamprofi.de\/tsv-otterfing\/shop\/"},{"@type":"ListItem","position":3,"name":"Classico Kapuzenjacke Tennis"}]},{"@type":"WebSite","@id":"https:\/\/www.teamprofi.de\/tsv-otterfing\/#website","url":"https:\/\/www.teamprofi.de\/tsv-otterfing\/","name":"TSV Otterfing","description":"Eine weitere Vereins Shops - Sport G\u00fcrteler Website","potentialAction":[{"@type":"SearchAction","target":{"@type":"EntryPoint","urlTemplate":"https:\/\/www.teamprofi.de\/tsv-otterfing\/?s={search_term_string}"},"query-input":{"@type":"PropertyValueSpecification","valueRequired":true,"valueName":"search_term_string"}}],"inLanguage":"de"}]}},"_links":{"self":[{"href":"https:\/\/www.teamprofi.de\/tsv-otterfing\/wp-json\/wp\/v2\/product\/1367","targetHints":{"allow":["GET"]}}],"collection":[{"href":"https:\/\/www.teamprofi.de\/tsv-otterfing\/wp-json\/wp\/v2\/product"}],"about":[{"href":"https:\/\/www.teamprofi.de\/tsv-otterfing\/wp-json\/wp\/v2\/types\/product"}],"wp:featuredmedia":[{"embeddable":true,"href":"https:\/\/www.teamprofi.de\/tsv-otterfing\/wp-json\/wp\/v2\/media\/1379"}],"wp:attachment":[{"href":"https:\/\/www.teamprofi.de\/tsv-otterfing\/wp-json\/wp\/v2\/media?parent=1367"}],"wp:term":[{"taxonomy":"product_brand","embeddable":true,"href":"https:\/\/www.teamprofi.de\/tsv-otterfing\/wp-json\/wp\/v2\/product_brand?post=1367"},{"taxonomy":"product_cat","embeddable":true,"href":"https:\/\/www.teamprofi.de\/tsv-otterfing\/wp-json\/wp\/v2\/product_cat?post=1367"},{"taxonomy":"product_tag","embeddable":true,"href":"https:\/\/www.teamprofi.de\/tsv-otterfing\/wp-json\/wp\/v2\/product_tag?post=1367"}],"curies":[{"name":"wp","href":"https:\/\/api.w.org\/{rel}","templated":true}]}}