{"id":2731,"date":"2025-09-09T09:31:08","date_gmt":"2025-09-09T07:31:08","guid":{"rendered":"https:\/\/www.teamprofi.de\/tsv-haar\/?post_type=product&#038;p=2731"},"modified":"2025-09-09T12:00:42","modified_gmt":"2025-09-09T10:00:42","slug":"progress-reversible-basket-singlet","status":"publish","type":"product","link":"https:\/\/www.teamprofi.de\/tsv-haar\/produkt\/progress-reversible-basket-singlet","title":{"rendered":"Progress Reversible Basket Singlet"},"content":{"rendered":"<p><strong>Beschreibung<\/strong><\/p>\n<p>Progress Reversible Basket Singlet ist ein moderenes Basketballtrikot, das beidseitig getragen werden kann.<\/p>\n<p>Das Singlet aus einlagigem recyceltem Material bietet ein feines, leichtes und sehr funktionelles Wendesdesign.\u00a0 Au\u00dferdem f\u00fchlt es sich weich an und hat eine weitere Passform, um hohen Komfort und uneingeschr\u00e4nkt Bewegeungsfreiheit zu bieten.<\/p>\n<p>&nbsp;<\/p>\n","protected":false},"excerpt":{"rendered":"<p>Beschreibung Progress Reversible Basket Singlet ist ein moderenes Basketballtrikot, das beidseitig getragen werden kann. Das Singlet aus einlagigem recyceltem Material bietet ein feines, leichtes und sehr funktionelles Wendesdesign.\u00a0 Au\u00dferdem f\u00fchlt<\/p>\n","protected":false},"featured_media":2827,"template":"","meta":{"inline_featured_image":false},"product_brand":[],"product_cat":[15],"product_tag":[],"class_list":{"0":"post-2731","1":"product","2":"type-product","3":"status-publish","4":"has-post-thumbnail","6":"product_cat-basketball","8":"first","9":"instock","10":"taxable","11":"shipping-taxable","12":"purchasable","13":"product-type-variable"},"yoast_head":"<!-- This site is optimized with the Yoast SEO plugin v27.3 - https:\/\/yoast.com\/product\/yoast-seo-wordpress\/ -->\n<title>Progress Reversible Basket Singlet - TSV Haar<\/title>\n<meta name=\"robots\" content=\"index, follow, max-snippet:-1, max-image-preview:large, max-video-preview:-1\" \/>\n<link rel=\"canonical\" href=\"https:\/\/www.teamprofi.de\/tsv-haar\/produkt\/progress-reversible-basket-singlet\" \/>\n<meta property=\"og:locale\" content=\"de_DE\" \/>\n<meta property=\"og:type\" content=\"article\" \/>\n<meta property=\"og:title\" content=\"Progress Reversible Basket Singlet - TSV Haar\" \/>\n<meta property=\"og:description\" content=\"Beschreibung Progress Reversible Basket Singlet ist ein moderenes Basketballtrikot, das beidseitig getragen werden kann. Das Singlet aus einlagigem recyceltem Material bietet ein feines, leichtes und sehr funktionelles Wendesdesign.\u00a0 Au\u00dferdem f\u00fchlt\" \/>\n<meta property=\"og:url\" content=\"https:\/\/www.teamprofi.de\/tsv-haar\/produkt\/progress-reversible-basket-singlet\" \/>\n<meta property=\"og:site_name\" content=\"TSV Haar\" \/>\n<meta property=\"article:modified_time\" content=\"2025-09-09T10:00:42+00:00\" \/>\n<meta property=\"og:image\" content=\"https:\/\/www.teamprofi.de\/tsv-haar\/wp-content\/uploads\/sites\/32\/2025\/09\/1911111_346900.jpg\" \/>\n\t<meta property=\"og:image:width\" content=\"1772\" \/>\n\t<meta property=\"og:image:height\" content=\"2362\" \/>\n\t<meta property=\"og:image:type\" content=\"image\/jpeg\" \/>\n<meta name=\"twitter:card\" content=\"summary_large_image\" \/>\n<meta name=\"twitter:label1\" content=\"Gesch\u00e4tzte Lesezeit\" \/>\n\t<meta name=\"twitter:data1\" content=\"1\u00a0Minute\" \/>\n<script type=\"application\/ld+json\" class=\"yoast-schema-graph\">{\"@context\":\"https:\\\/\\\/schema.org\",\"@graph\":[{\"@type\":\"WebPage\",\"@id\":\"https:\\\/\\\/www.teamprofi.de\\\/tsv-haar\\\/produkt\\\/progress-reversible-basket-singlet\",\"url\":\"https:\\\/\\\/www.teamprofi.de\\\/tsv-haar\\\/produkt\\\/progress-reversible-basket-singlet\",\"name\":\"Progress Reversible Basket Singlet - TSV Haar\",\"isPartOf\":{\"@id\":\"https:\\\/\\\/www.teamprofi.de\\\/tsv-haar\\\/#website\"},\"primaryImageOfPage\":{\"@id\":\"https:\\\/\\\/www.teamprofi.de\\\/tsv-haar\\\/produkt\\\/progress-reversible-basket-singlet#primaryimage\"},\"image\":{\"@id\":\"https:\\\/\\\/www.teamprofi.de\\\/tsv-haar\\\/produkt\\\/progress-reversible-basket-singlet#primaryimage\"},\"thumbnailUrl\":\"https:\\\/\\\/www.teamprofi.de\\\/tsv-haar\\\/wp-content\\\/uploads\\\/sites\\\/32\\\/2025\\\/09\\\/1911111_346900.jpg\",\"datePublished\":\"2025-09-09T07:31:08+00:00\",\"dateModified\":\"2025-09-09T10:00:42+00:00\",\"breadcrumb\":{\"@id\":\"https:\\\/\\\/www.teamprofi.de\\\/tsv-haar\\\/produkt\\\/progress-reversible-basket-singlet#breadcrumb\"},\"inLanguage\":\"de\",\"potentialAction\":[{\"@type\":\"ReadAction\",\"target\":[\"https:\\\/\\\/www.teamprofi.de\\\/tsv-haar\\\/produkt\\\/progress-reversible-basket-singlet\"]}]},{\"@type\":\"ImageObject\",\"inLanguage\":\"de\",\"@id\":\"https:\\\/\\\/www.teamprofi.de\\\/tsv-haar\\\/produkt\\\/progress-reversible-basket-singlet#primaryimage\",\"url\":\"https:\\\/\\\/www.teamprofi.de\\\/tsv-haar\\\/wp-content\\\/uploads\\\/sites\\\/32\\\/2025\\\/09\\\/1911111_346900.jpg\",\"contentUrl\":\"https:\\\/\\\/www.teamprofi.de\\\/tsv-haar\\\/wp-content\\\/uploads\\\/sites\\\/32\\\/2025\\\/09\\\/1911111_346900.jpg\",\"width\":1772,\"height\":2362},{\"@type\":\"BreadcrumbList\",\"@id\":\"https:\\\/\\\/www.teamprofi.de\\\/tsv-haar\\\/produkt\\\/progress-reversible-basket-singlet#breadcrumb\",\"itemListElement\":[{\"@type\":\"ListItem\",\"position\":1,\"name\":\"Startseite\",\"item\":\"https:\\\/\\\/www.teamprofi.de\\\/tsv-haar\\\/\"},{\"@type\":\"ListItem\",\"position\":2,\"name\":\"Shop\",\"item\":\"https:\\\/\\\/www.teamprofi.de\\\/tsv-haar\\\/shop\"},{\"@type\":\"ListItem\",\"position\":3,\"name\":\"Progress Reversible Basket Singlet\"}]},{\"@type\":\"WebSite\",\"@id\":\"https:\\\/\\\/www.teamprofi.de\\\/tsv-haar\\\/#website\",\"url\":\"https:\\\/\\\/www.teamprofi.de\\\/tsv-haar\\\/\",\"name\":\"TSV Haar\",\"description\":\"Eine weitere Vereins Shops - Sport G\u00fcrteler Website\",\"potentialAction\":[{\"@type\":\"SearchAction\",\"target\":{\"@type\":\"EntryPoint\",\"urlTemplate\":\"https:\\\/\\\/www.teamprofi.de\\\/tsv-haar\\\/?s={search_term_string}\"},\"query-input\":{\"@type\":\"PropertyValueSpecification\",\"valueRequired\":true,\"valueName\":\"search_term_string\"}}],\"inLanguage\":\"de\"}]}<\/script>\n<!-- \/ Yoast SEO plugin. -->","yoast_head_json":{"title":"Progress Reversible Basket Singlet - TSV Haar","robots":{"index":"index","follow":"follow","max-snippet":"max-snippet:-1","max-image-preview":"max-image-preview:large","max-video-preview":"max-video-preview:-1"},"canonical":"https:\/\/www.teamprofi.de\/tsv-haar\/produkt\/progress-reversible-basket-singlet","og_locale":"de_DE","og_type":"article","og_title":"Progress Reversible Basket Singlet - TSV Haar","og_description":"Beschreibung Progress Reversible Basket Singlet ist ein moderenes Basketballtrikot, das beidseitig getragen werden kann. Das Singlet aus einlagigem recyceltem Material bietet ein feines, leichtes und sehr funktionelles Wendesdesign.\u00a0 Au\u00dferdem f\u00fchlt","og_url":"https:\/\/www.teamprofi.de\/tsv-haar\/produkt\/progress-reversible-basket-singlet","og_site_name":"TSV Haar","article_modified_time":"2025-09-09T10:00:42+00:00","og_image":[{"width":1772,"height":2362,"url":"https:\/\/www.teamprofi.de\/tsv-haar\/wp-content\/uploads\/sites\/32\/2025\/09\/1911111_346900.jpg","type":"image\/jpeg"}],"twitter_card":"summary_large_image","twitter_misc":{"Gesch\u00e4tzte Lesezeit":"1\u00a0Minute"},"schema":{"@context":"https:\/\/schema.org","@graph":[{"@type":"WebPage","@id":"https:\/\/www.teamprofi.de\/tsv-haar\/produkt\/progress-reversible-basket-singlet","url":"https:\/\/www.teamprofi.de\/tsv-haar\/produkt\/progress-reversible-basket-singlet","name":"Progress Reversible Basket Singlet - TSV Haar","isPartOf":{"@id":"https:\/\/www.teamprofi.de\/tsv-haar\/#website"},"primaryImageOfPage":{"@id":"https:\/\/www.teamprofi.de\/tsv-haar\/produkt\/progress-reversible-basket-singlet#primaryimage"},"image":{"@id":"https:\/\/www.teamprofi.de\/tsv-haar\/produkt\/progress-reversible-basket-singlet#primaryimage"},"thumbnailUrl":"https:\/\/www.teamprofi.de\/tsv-haar\/wp-content\/uploads\/sites\/32\/2025\/09\/1911111_346900.jpg","datePublished":"2025-09-09T07:31:08+00:00","dateModified":"2025-09-09T10:00:42+00:00","breadcrumb":{"@id":"https:\/\/www.teamprofi.de\/tsv-haar\/produkt\/progress-reversible-basket-singlet#breadcrumb"},"inLanguage":"de","potentialAction":[{"@type":"ReadAction","target":["https:\/\/www.teamprofi.de\/tsv-haar\/produkt\/progress-reversible-basket-singlet"]}]},{"@type":"ImageObject","inLanguage":"de","@id":"https:\/\/www.teamprofi.de\/tsv-haar\/produkt\/progress-reversible-basket-singlet#primaryimage","url":"https:\/\/www.teamprofi.de\/tsv-haar\/wp-content\/uploads\/sites\/32\/2025\/09\/1911111_346900.jpg","contentUrl":"https:\/\/www.teamprofi.de\/tsv-haar\/wp-content\/uploads\/sites\/32\/2025\/09\/1911111_346900.jpg","width":1772,"height":2362},{"@type":"BreadcrumbList","@id":"https:\/\/www.teamprofi.de\/tsv-haar\/produkt\/progress-reversible-basket-singlet#breadcrumb","itemListElement":[{"@type":"ListItem","position":1,"name":"Startseite","item":"https:\/\/www.teamprofi.de\/tsv-haar\/"},{"@type":"ListItem","position":2,"name":"Shop","item":"https:\/\/www.teamprofi.de\/tsv-haar\/shop"},{"@type":"ListItem","position":3,"name":"Progress Reversible Basket Singlet"}]},{"@type":"WebSite","@id":"https:\/\/www.teamprofi.de\/tsv-haar\/#website","url":"https:\/\/www.teamprofi.de\/tsv-haar\/","name":"TSV Haar","description":"Eine weitere Vereins Shops - Sport G\u00fcrteler Website","potentialAction":[{"@type":"SearchAction","target":{"@type":"EntryPoint","urlTemplate":"https:\/\/www.teamprofi.de\/tsv-haar\/?s={search_term_string}"},"query-input":{"@type":"PropertyValueSpecification","valueRequired":true,"valueName":"search_term_string"}}],"inLanguage":"de"}]}},"_links":{"self":[{"href":"https:\/\/www.teamprofi.de\/tsv-haar\/wp-json\/wp\/v2\/product\/2731","targetHints":{"allow":["GET"]}}],"collection":[{"href":"https:\/\/www.teamprofi.de\/tsv-haar\/wp-json\/wp\/v2\/product"}],"about":[{"href":"https:\/\/www.teamprofi.de\/tsv-haar\/wp-json\/wp\/v2\/types\/product"}],"wp:featuredmedia":[{"embeddable":true,"href":"https:\/\/www.teamprofi.de\/tsv-haar\/wp-json\/wp\/v2\/media\/2827"}],"wp:attachment":[{"href":"https:\/\/www.teamprofi.de\/tsv-haar\/wp-json\/wp\/v2\/media?parent=2731"}],"wp:term":[{"taxonomy":"product_brand","embeddable":true,"href":"https:\/\/www.teamprofi.de\/tsv-haar\/wp-json\/wp\/v2\/product_brand?post=2731"},{"taxonomy":"product_cat","embeddable":true,"href":"https:\/\/www.teamprofi.de\/tsv-haar\/wp-json\/wp\/v2\/product_cat?post=2731"},{"taxonomy":"product_tag","embeddable":true,"href":"https:\/\/www.teamprofi.de\/tsv-haar\/wp-json\/wp\/v2\/product_tag?post=2731"}],"curies":[{"name":"wp","href":"https:\/\/api.w.org\/{rel}","templated":true}]}}