{"id":1227,"date":"2024-03-01T13:47:50","date_gmt":"2024-03-01T12:47:50","guid":{"rendered":"https:\/\/www.teamprofi.de\/tsv-haar\/?post_type=product&#038;p=1227"},"modified":"2024-06-25T17:25:50","modified_gmt":"2024-06-25T15:25:50","slug":"progress-basket-shorts","status":"publish","type":"product","link":"https:\/\/www.teamprofi.de\/tsv-haar\/produkt\/progress-basket-shorts","title":{"rendered":"Progress Basket Shorts"},"content":{"rendered":"<p><strong>Beschreibung<\/strong><\/p>\n<p>Progress Basket Shorts sind leichte und sehr funktionelle Wettkampf-Basketballshorts. Die Shorts aus Recyclingpolyester bieten eine erh\u00f6hte Atmungsaktivit\u00e4t und einen hohen Feuchtigkeitstransport f\u00fcr optimale Leistung. Au\u00dferdem f\u00fchlen sie sich weich an und haben eine weite Passform, um hohen Komfort und uneingeschr\u00e4nkte Bewegungsfreiheit zu bieten. Der elastische Bund mit Kordelzug sorgt f\u00fcr einen perfekten Sitz.<\/p>\n<p>\u2022 Recyceltes Polyester<br \/>\n\u2022 Weiches, elastisches Material f\u00fcr erh\u00f6hte Atmungsaktivit\u00e4t<br \/>\n\u2022 Weite Passform- Elastischer Bund mit Kordelzug<\/p>\n","protected":false},"excerpt":{"rendered":"<p>Beschreibung Progress Basket Shorts sind leichte und sehr funktionelle Wettkampf-Basketballshorts. Die Shorts aus Recyclingpolyester bieten eine erh\u00f6hte Atmungsaktivit\u00e4t und einen hohen Feuchtigkeitstransport f\u00fcr optimale Leistung. Au\u00dferdem f\u00fchlen sie sich weich<\/p>\n","protected":false},"featured_media":1362,"template":"","meta":{"inline_featured_image":false},"product_brand":[],"product_cat":[15],"product_tag":[],"class_list":{"0":"post-1227","1":"product","2":"type-product","3":"status-publish","4":"has-post-thumbnail","6":"product_cat-basketball","8":"first","9":"instock","10":"taxable","11":"shipping-taxable","12":"purchasable","13":"product-type-variable"},"yoast_head":"<!-- This site is optimized with the Yoast SEO plugin v27.3 - https:\/\/yoast.com\/product\/yoast-seo-wordpress\/ -->\n<title>Progress Basket Shorts - TSV Haar<\/title>\n<meta name=\"robots\" content=\"index, follow, max-snippet:-1, max-image-preview:large, max-video-preview:-1\" \/>\n<link rel=\"canonical\" href=\"https:\/\/www.teamprofi.de\/tsv-haar\/produkt\/progress-basket-shorts\" \/>\n<meta property=\"og:locale\" content=\"de_DE\" \/>\n<meta property=\"og:type\" content=\"article\" \/>\n<meta property=\"og:title\" content=\"Progress Basket Shorts - TSV Haar\" \/>\n<meta property=\"og:description\" content=\"Beschreibung Progress Basket Shorts sind leichte und sehr funktionelle Wettkampf-Basketballshorts. Die Shorts aus Recyclingpolyester bieten eine erh\u00f6hte Atmungsaktivit\u00e4t und einen hohen Feuchtigkeitstransport f\u00fcr optimale Leistung. Au\u00dferdem f\u00fchlen sie sich weich\" \/>\n<meta property=\"og:url\" content=\"https:\/\/www.teamprofi.de\/tsv-haar\/produkt\/progress-basket-shorts\" \/>\n<meta property=\"og:site_name\" content=\"TSV Haar\" \/>\n<meta property=\"article:modified_time\" content=\"2024-06-25T15:25:50+00:00\" \/>\n<meta property=\"og:image\" content=\"https:\/\/www.teamprofi.de\/tsv-haar\/wp-content\/uploads\/sites\/32\/2024\/03\/191112_34600_new.jpg\" \/>\n\t<meta property=\"og:image:width\" content=\"1328\" \/>\n\t<meta property=\"og:image:height\" content=\"1468\" \/>\n\t<meta property=\"og:image:type\" content=\"image\/jpeg\" \/>\n<meta name=\"twitter:card\" content=\"summary_large_image\" \/>\n<script type=\"application\/ld+json\" class=\"yoast-schema-graph\">{\"@context\":\"https:\\\/\\\/schema.org\",\"@graph\":[{\"@type\":\"WebPage\",\"@id\":\"https:\\\/\\\/www.teamprofi.de\\\/tsv-haar\\\/produkt\\\/progress-basket-shorts\",\"url\":\"https:\\\/\\\/www.teamprofi.de\\\/tsv-haar\\\/produkt\\\/progress-basket-shorts\",\"name\":\"Progress Basket Shorts - TSV Haar\",\"isPartOf\":{\"@id\":\"https:\\\/\\\/www.teamprofi.de\\\/tsv-haar\\\/#website\"},\"primaryImageOfPage\":{\"@id\":\"https:\\\/\\\/www.teamprofi.de\\\/tsv-haar\\\/produkt\\\/progress-basket-shorts#primaryimage\"},\"image\":{\"@id\":\"https:\\\/\\\/www.teamprofi.de\\\/tsv-haar\\\/produkt\\\/progress-basket-shorts#primaryimage\"},\"thumbnailUrl\":\"https:\\\/\\\/www.teamprofi.de\\\/tsv-haar\\\/wp-content\\\/uploads\\\/sites\\\/32\\\/2024\\\/03\\\/191112_34600_new.jpg\",\"datePublished\":\"2024-03-01T12:47:50+00:00\",\"dateModified\":\"2024-06-25T15:25:50+00:00\",\"breadcrumb\":{\"@id\":\"https:\\\/\\\/www.teamprofi.de\\\/tsv-haar\\\/produkt\\\/progress-basket-shorts#breadcrumb\"},\"inLanguage\":\"de\",\"potentialAction\":[{\"@type\":\"ReadAction\",\"target\":[\"https:\\\/\\\/www.teamprofi.de\\\/tsv-haar\\\/produkt\\\/progress-basket-shorts\"]}]},{\"@type\":\"ImageObject\",\"inLanguage\":\"de\",\"@id\":\"https:\\\/\\\/www.teamprofi.de\\\/tsv-haar\\\/produkt\\\/progress-basket-shorts#primaryimage\",\"url\":\"https:\\\/\\\/www.teamprofi.de\\\/tsv-haar\\\/wp-content\\\/uploads\\\/sites\\\/32\\\/2024\\\/03\\\/191112_34600_new.jpg\",\"contentUrl\":\"https:\\\/\\\/www.teamprofi.de\\\/tsv-haar\\\/wp-content\\\/uploads\\\/sites\\\/32\\\/2024\\\/03\\\/191112_34600_new.jpg\",\"width\":1328,\"height\":1468},{\"@type\":\"BreadcrumbList\",\"@id\":\"https:\\\/\\\/www.teamprofi.de\\\/tsv-haar\\\/produkt\\\/progress-basket-shorts#breadcrumb\",\"itemListElement\":[{\"@type\":\"ListItem\",\"position\":1,\"name\":\"Startseite\",\"item\":\"https:\\\/\\\/www.teamprofi.de\\\/tsv-haar\\\/\"},{\"@type\":\"ListItem\",\"position\":2,\"name\":\"Shop\",\"item\":\"https:\\\/\\\/www.teamprofi.de\\\/tsv-haar\\\/shop\"},{\"@type\":\"ListItem\",\"position\":3,\"name\":\"Progress Basket Shorts\"}]},{\"@type\":\"WebSite\",\"@id\":\"https:\\\/\\\/www.teamprofi.de\\\/tsv-haar\\\/#website\",\"url\":\"https:\\\/\\\/www.teamprofi.de\\\/tsv-haar\\\/\",\"name\":\"TSV Haar\",\"description\":\"Eine weitere Vereins Shops - Sport G\u00fcrteler Website\",\"potentialAction\":[{\"@type\":\"SearchAction\",\"target\":{\"@type\":\"EntryPoint\",\"urlTemplate\":\"https:\\\/\\\/www.teamprofi.de\\\/tsv-haar\\\/?s={search_term_string}\"},\"query-input\":{\"@type\":\"PropertyValueSpecification\",\"valueRequired\":true,\"valueName\":\"search_term_string\"}}],\"inLanguage\":\"de\"}]}<\/script>\n<!-- \/ Yoast SEO plugin. -->","yoast_head_json":{"title":"Progress Basket Shorts - TSV Haar","robots":{"index":"index","follow":"follow","max-snippet":"max-snippet:-1","max-image-preview":"max-image-preview:large","max-video-preview":"max-video-preview:-1"},"canonical":"https:\/\/www.teamprofi.de\/tsv-haar\/produkt\/progress-basket-shorts","og_locale":"de_DE","og_type":"article","og_title":"Progress Basket Shorts - TSV Haar","og_description":"Beschreibung Progress Basket Shorts sind leichte und sehr funktionelle Wettkampf-Basketballshorts. Die Shorts aus Recyclingpolyester bieten eine erh\u00f6hte Atmungsaktivit\u00e4t und einen hohen Feuchtigkeitstransport f\u00fcr optimale Leistung. Au\u00dferdem f\u00fchlen sie sich weich","og_url":"https:\/\/www.teamprofi.de\/tsv-haar\/produkt\/progress-basket-shorts","og_site_name":"TSV Haar","article_modified_time":"2024-06-25T15:25:50+00:00","og_image":[{"width":1328,"height":1468,"url":"https:\/\/www.teamprofi.de\/tsv-haar\/wp-content\/uploads\/sites\/32\/2024\/03\/191112_34600_new.jpg","type":"image\/jpeg"}],"twitter_card":"summary_large_image","schema":{"@context":"https:\/\/schema.org","@graph":[{"@type":"WebPage","@id":"https:\/\/www.teamprofi.de\/tsv-haar\/produkt\/progress-basket-shorts","url":"https:\/\/www.teamprofi.de\/tsv-haar\/produkt\/progress-basket-shorts","name":"Progress Basket Shorts - TSV Haar","isPartOf":{"@id":"https:\/\/www.teamprofi.de\/tsv-haar\/#website"},"primaryImageOfPage":{"@id":"https:\/\/www.teamprofi.de\/tsv-haar\/produkt\/progress-basket-shorts#primaryimage"},"image":{"@id":"https:\/\/www.teamprofi.de\/tsv-haar\/produkt\/progress-basket-shorts#primaryimage"},"thumbnailUrl":"https:\/\/www.teamprofi.de\/tsv-haar\/wp-content\/uploads\/sites\/32\/2024\/03\/191112_34600_new.jpg","datePublished":"2024-03-01T12:47:50+00:00","dateModified":"2024-06-25T15:25:50+00:00","breadcrumb":{"@id":"https:\/\/www.teamprofi.de\/tsv-haar\/produkt\/progress-basket-shorts#breadcrumb"},"inLanguage":"de","potentialAction":[{"@type":"ReadAction","target":["https:\/\/www.teamprofi.de\/tsv-haar\/produkt\/progress-basket-shorts"]}]},{"@type":"ImageObject","inLanguage":"de","@id":"https:\/\/www.teamprofi.de\/tsv-haar\/produkt\/progress-basket-shorts#primaryimage","url":"https:\/\/www.teamprofi.de\/tsv-haar\/wp-content\/uploads\/sites\/32\/2024\/03\/191112_34600_new.jpg","contentUrl":"https:\/\/www.teamprofi.de\/tsv-haar\/wp-content\/uploads\/sites\/32\/2024\/03\/191112_34600_new.jpg","width":1328,"height":1468},{"@type":"BreadcrumbList","@id":"https:\/\/www.teamprofi.de\/tsv-haar\/produkt\/progress-basket-shorts#breadcrumb","itemListElement":[{"@type":"ListItem","position":1,"name":"Startseite","item":"https:\/\/www.teamprofi.de\/tsv-haar\/"},{"@type":"ListItem","position":2,"name":"Shop","item":"https:\/\/www.teamprofi.de\/tsv-haar\/shop"},{"@type":"ListItem","position":3,"name":"Progress Basket Shorts"}]},{"@type":"WebSite","@id":"https:\/\/www.teamprofi.de\/tsv-haar\/#website","url":"https:\/\/www.teamprofi.de\/tsv-haar\/","name":"TSV Haar","description":"Eine weitere Vereins Shops - Sport G\u00fcrteler Website","potentialAction":[{"@type":"SearchAction","target":{"@type":"EntryPoint","urlTemplate":"https:\/\/www.teamprofi.de\/tsv-haar\/?s={search_term_string}"},"query-input":{"@type":"PropertyValueSpecification","valueRequired":true,"valueName":"search_term_string"}}],"inLanguage":"de"}]}},"_links":{"self":[{"href":"https:\/\/www.teamprofi.de\/tsv-haar\/wp-json\/wp\/v2\/product\/1227","targetHints":{"allow":["GET"]}}],"collection":[{"href":"https:\/\/www.teamprofi.de\/tsv-haar\/wp-json\/wp\/v2\/product"}],"about":[{"href":"https:\/\/www.teamprofi.de\/tsv-haar\/wp-json\/wp\/v2\/types\/product"}],"wp:featuredmedia":[{"embeddable":true,"href":"https:\/\/www.teamprofi.de\/tsv-haar\/wp-json\/wp\/v2\/media\/1362"}],"wp:attachment":[{"href":"https:\/\/www.teamprofi.de\/tsv-haar\/wp-json\/wp\/v2\/media?parent=1227"}],"wp:term":[{"taxonomy":"product_brand","embeddable":true,"href":"https:\/\/www.teamprofi.de\/tsv-haar\/wp-json\/wp\/v2\/product_brand?post=1227"},{"taxonomy":"product_cat","embeddable":true,"href":"https:\/\/www.teamprofi.de\/tsv-haar\/wp-json\/wp\/v2\/product_cat?post=1227"},{"taxonomy":"product_tag","embeddable":true,"href":"https:\/\/www.teamprofi.de\/tsv-haar\/wp-json\/wp\/v2\/product_tag?post=1227"}],"curies":[{"name":"wp","href":"https:\/\/api.w.org\/{rel}","templated":true}]}}