{"id":1710,"date":"2023-12-27T18:33:55","date_gmt":"2023-12-27T17:33:55","guid":{"rendered":"https:\/\/www.teamprofi.de\/sc-baierbrunn\/?post_type=product&#038;p=1710"},"modified":"2024-01-24T09:50:45","modified_gmt":"2024-01-24T08:50:45","slug":"teamgoal-training-jersey","status":"publish","type":"product","link":"https:\/\/www.teamprofi.de\/sc-baierbrunn\/produkt\/teamgoal-training-jersey","title":{"rendered":"teamGOAL Training Jersey"},"content":{"rendered":"<p>Slim Fit<\/p>\n<p>Kontrastierter PUMA Formstripe im hinteren Schulterbereich| Konrastiertes Desgin im unteren Bereich| Mesh-Einsatz im R\u00fcckenbereich f\u00fcr bessere Atmungsaktivit\u00e4t| Gewebestruktur im Vorder- und R\u00fcckenbereich<\/p>\n<p>Material: 100% Polyester, Double Knit (140g\/m\u00b2)<\/p>\n","protected":false},"excerpt":{"rendered":"<p>Slim Fit Kontrastierter PUMA Formstripe im hinteren Schulterbereich| Konrastiertes Desgin im unteren Bereich| Mesh-Einsatz im R\u00fcckenbereich f\u00fcr bessere Atmungsaktivit\u00e4t| Gewebestruktur im Vorder- und R\u00fcckenbereich Material: 100% Polyester, Double Knit (140g\/m\u00b2)<\/p>\n","protected":false},"featured_media":2180,"template":"","meta":{"inline_featured_image":false},"product_brand":[],"product_cat":[121],"product_tag":[],"class_list":{"0":"post-1710","1":"product","2":"type-product","3":"status-publish","4":"has-post-thumbnail","6":"product_cat-teamsport_scb","8":"first","9":"instock","10":"taxable","11":"shipping-taxable","12":"purchasable","13":"product-type-variable"},"yoast_head":"<!-- This site is optimized with the Yoast SEO plugin v27.3 - https:\/\/yoast.com\/product\/yoast-seo-wordpress\/ -->\n<title>teamGOAL Training Jersey - SC Baierbrunn<\/title>\n<meta name=\"robots\" content=\"index, follow, max-snippet:-1, max-image-preview:large, max-video-preview:-1\" \/>\n<link rel=\"canonical\" href=\"https:\/\/www.teamprofi.de\/sc-baierbrunn\/produkt\/teamgoal-training-jersey\" \/>\n<meta property=\"og:locale\" content=\"de_DE\" \/>\n<meta property=\"og:type\" content=\"article\" \/>\n<meta property=\"og:title\" content=\"teamGOAL Training Jersey - SC Baierbrunn\" \/>\n<meta property=\"og:description\" content=\"Slim Fit Kontrastierter PUMA Formstripe im hinteren Schulterbereich| Konrastiertes Desgin im unteren Bereich| Mesh-Einsatz im R\u00fcckenbereich f\u00fcr bessere Atmungsaktivit\u00e4t| Gewebestruktur im Vorder- und R\u00fcckenbereich Material: 100% Polyester, Double Knit (140g\/m\u00b2)\" \/>\n<meta property=\"og:url\" content=\"https:\/\/www.teamprofi.de\/sc-baierbrunn\/produkt\/teamgoal-training-jersey\" \/>\n<meta property=\"og:site_name\" content=\"SC Baierbrunn\" \/>\n<meta property=\"article:modified_time\" content=\"2024-01-24T08:50:45+00:00\" \/>\n<meta property=\"og:image\" content=\"https:\/\/www.teamprofi.de\/sc-baierbrunn\/wp-content\/uploads\/sites\/27\/2023\/12\/705747_02VA.jpg\" \/>\n\t<meta property=\"og:image:width\" content=\"2362\" \/>\n\t<meta property=\"og:image:height\" content=\"2362\" \/>\n\t<meta property=\"og:image:type\" content=\"image\/jpeg\" \/>\n<meta name=\"twitter:card\" content=\"summary_large_image\" \/>\n<script type=\"application\/ld+json\" class=\"yoast-schema-graph\">{\"@context\":\"https:\\\/\\\/schema.org\",\"@graph\":[{\"@type\":\"WebPage\",\"@id\":\"https:\\\/\\\/www.teamprofi.de\\\/sc-baierbrunn\\\/produkt\\\/teamgoal-training-jersey\",\"url\":\"https:\\\/\\\/www.teamprofi.de\\\/sc-baierbrunn\\\/produkt\\\/teamgoal-training-jersey\",\"name\":\"teamGOAL Training Jersey - SC Baierbrunn\",\"isPartOf\":{\"@id\":\"https:\\\/\\\/www.teamprofi.de\\\/sc-baierbrunn\\\/#website\"},\"primaryImageOfPage\":{\"@id\":\"https:\\\/\\\/www.teamprofi.de\\\/sc-baierbrunn\\\/produkt\\\/teamgoal-training-jersey#primaryimage\"},\"image\":{\"@id\":\"https:\\\/\\\/www.teamprofi.de\\\/sc-baierbrunn\\\/produkt\\\/teamgoal-training-jersey#primaryimage\"},\"thumbnailUrl\":\"https:\\\/\\\/www.teamprofi.de\\\/sc-baierbrunn\\\/wp-content\\\/uploads\\\/sites\\\/27\\\/2023\\\/12\\\/705747_02VA.jpg\",\"datePublished\":\"2023-12-27T17:33:55+00:00\",\"dateModified\":\"2024-01-24T08:50:45+00:00\",\"breadcrumb\":{\"@id\":\"https:\\\/\\\/www.teamprofi.de\\\/sc-baierbrunn\\\/produkt\\\/teamgoal-training-jersey#breadcrumb\"},\"inLanguage\":\"de\",\"potentialAction\":[{\"@type\":\"ReadAction\",\"target\":[\"https:\\\/\\\/www.teamprofi.de\\\/sc-baierbrunn\\\/produkt\\\/teamgoal-training-jersey\"]}]},{\"@type\":\"ImageObject\",\"inLanguage\":\"de\",\"@id\":\"https:\\\/\\\/www.teamprofi.de\\\/sc-baierbrunn\\\/produkt\\\/teamgoal-training-jersey#primaryimage\",\"url\":\"https:\\\/\\\/www.teamprofi.de\\\/sc-baierbrunn\\\/wp-content\\\/uploads\\\/sites\\\/27\\\/2023\\\/12\\\/705747_02VA.jpg\",\"contentUrl\":\"https:\\\/\\\/www.teamprofi.de\\\/sc-baierbrunn\\\/wp-content\\\/uploads\\\/sites\\\/27\\\/2023\\\/12\\\/705747_02VA.jpg\",\"width\":2362,\"height\":2362},{\"@type\":\"BreadcrumbList\",\"@id\":\"https:\\\/\\\/www.teamprofi.de\\\/sc-baierbrunn\\\/produkt\\\/teamgoal-training-jersey#breadcrumb\",\"itemListElement\":[{\"@type\":\"ListItem\",\"position\":1,\"name\":\"Startseite\",\"item\":\"https:\\\/\\\/www.teamprofi.de\\\/sc-baierbrunn\\\/\"},{\"@type\":\"ListItem\",\"position\":2,\"name\":\"Shop\",\"item\":\"https:\\\/\\\/www.teamprofi.de\\\/sc-baierbrunn\\\/shop\"},{\"@type\":\"ListItem\",\"position\":3,\"name\":\"teamGOAL Training Jersey\"}]},{\"@type\":\"WebSite\",\"@id\":\"https:\\\/\\\/www.teamprofi.de\\\/sc-baierbrunn\\\/#website\",\"url\":\"https:\\\/\\\/www.teamprofi.de\\\/sc-baierbrunn\\\/\",\"name\":\"SC Baierbrunn\",\"description\":\"Vereins-Shop - Sport G\u00fcrteler\",\"potentialAction\":[{\"@type\":\"SearchAction\",\"target\":{\"@type\":\"EntryPoint\",\"urlTemplate\":\"https:\\\/\\\/www.teamprofi.de\\\/sc-baierbrunn\\\/?s={search_term_string}\"},\"query-input\":{\"@type\":\"PropertyValueSpecification\",\"valueRequired\":true,\"valueName\":\"search_term_string\"}}],\"inLanguage\":\"de\"}]}<\/script>\n<!-- \/ Yoast SEO plugin. -->","yoast_head_json":{"title":"teamGOAL Training Jersey - SC Baierbrunn","robots":{"index":"index","follow":"follow","max-snippet":"max-snippet:-1","max-image-preview":"max-image-preview:large","max-video-preview":"max-video-preview:-1"},"canonical":"https:\/\/www.teamprofi.de\/sc-baierbrunn\/produkt\/teamgoal-training-jersey","og_locale":"de_DE","og_type":"article","og_title":"teamGOAL Training Jersey - SC Baierbrunn","og_description":"Slim Fit Kontrastierter PUMA Formstripe im hinteren Schulterbereich| Konrastiertes Desgin im unteren Bereich| Mesh-Einsatz im R\u00fcckenbereich f\u00fcr bessere Atmungsaktivit\u00e4t| Gewebestruktur im Vorder- und R\u00fcckenbereich Material: 100% Polyester, Double Knit (140g\/m\u00b2)","og_url":"https:\/\/www.teamprofi.de\/sc-baierbrunn\/produkt\/teamgoal-training-jersey","og_site_name":"SC Baierbrunn","article_modified_time":"2024-01-24T08:50:45+00:00","og_image":[{"width":2362,"height":2362,"url":"https:\/\/www.teamprofi.de\/sc-baierbrunn\/wp-content\/uploads\/sites\/27\/2023\/12\/705747_02VA.jpg","type":"image\/jpeg"}],"twitter_card":"summary_large_image","schema":{"@context":"https:\/\/schema.org","@graph":[{"@type":"WebPage","@id":"https:\/\/www.teamprofi.de\/sc-baierbrunn\/produkt\/teamgoal-training-jersey","url":"https:\/\/www.teamprofi.de\/sc-baierbrunn\/produkt\/teamgoal-training-jersey","name":"teamGOAL Training Jersey - SC Baierbrunn","isPartOf":{"@id":"https:\/\/www.teamprofi.de\/sc-baierbrunn\/#website"},"primaryImageOfPage":{"@id":"https:\/\/www.teamprofi.de\/sc-baierbrunn\/produkt\/teamgoal-training-jersey#primaryimage"},"image":{"@id":"https:\/\/www.teamprofi.de\/sc-baierbrunn\/produkt\/teamgoal-training-jersey#primaryimage"},"thumbnailUrl":"https:\/\/www.teamprofi.de\/sc-baierbrunn\/wp-content\/uploads\/sites\/27\/2023\/12\/705747_02VA.jpg","datePublished":"2023-12-27T17:33:55+00:00","dateModified":"2024-01-24T08:50:45+00:00","breadcrumb":{"@id":"https:\/\/www.teamprofi.de\/sc-baierbrunn\/produkt\/teamgoal-training-jersey#breadcrumb"},"inLanguage":"de","potentialAction":[{"@type":"ReadAction","target":["https:\/\/www.teamprofi.de\/sc-baierbrunn\/produkt\/teamgoal-training-jersey"]}]},{"@type":"ImageObject","inLanguage":"de","@id":"https:\/\/www.teamprofi.de\/sc-baierbrunn\/produkt\/teamgoal-training-jersey#primaryimage","url":"https:\/\/www.teamprofi.de\/sc-baierbrunn\/wp-content\/uploads\/sites\/27\/2023\/12\/705747_02VA.jpg","contentUrl":"https:\/\/www.teamprofi.de\/sc-baierbrunn\/wp-content\/uploads\/sites\/27\/2023\/12\/705747_02VA.jpg","width":2362,"height":2362},{"@type":"BreadcrumbList","@id":"https:\/\/www.teamprofi.de\/sc-baierbrunn\/produkt\/teamgoal-training-jersey#breadcrumb","itemListElement":[{"@type":"ListItem","position":1,"name":"Startseite","item":"https:\/\/www.teamprofi.de\/sc-baierbrunn\/"},{"@type":"ListItem","position":2,"name":"Shop","item":"https:\/\/www.teamprofi.de\/sc-baierbrunn\/shop"},{"@type":"ListItem","position":3,"name":"teamGOAL Training Jersey"}]},{"@type":"WebSite","@id":"https:\/\/www.teamprofi.de\/sc-baierbrunn\/#website","url":"https:\/\/www.teamprofi.de\/sc-baierbrunn\/","name":"SC Baierbrunn","description":"Vereins-Shop - Sport G\u00fcrteler","potentialAction":[{"@type":"SearchAction","target":{"@type":"EntryPoint","urlTemplate":"https:\/\/www.teamprofi.de\/sc-baierbrunn\/?s={search_term_string}"},"query-input":{"@type":"PropertyValueSpecification","valueRequired":true,"valueName":"search_term_string"}}],"inLanguage":"de"}]}},"_links":{"self":[{"href":"https:\/\/www.teamprofi.de\/sc-baierbrunn\/wp-json\/wp\/v2\/product\/1710","targetHints":{"allow":["GET"]}}],"collection":[{"href":"https:\/\/www.teamprofi.de\/sc-baierbrunn\/wp-json\/wp\/v2\/product"}],"about":[{"href":"https:\/\/www.teamprofi.de\/sc-baierbrunn\/wp-json\/wp\/v2\/types\/product"}],"wp:featuredmedia":[{"embeddable":true,"href":"https:\/\/www.teamprofi.de\/sc-baierbrunn\/wp-json\/wp\/v2\/media\/2180"}],"wp:attachment":[{"href":"https:\/\/www.teamprofi.de\/sc-baierbrunn\/wp-json\/wp\/v2\/media?parent=1710"}],"wp:term":[{"taxonomy":"product_brand","embeddable":true,"href":"https:\/\/www.teamprofi.de\/sc-baierbrunn\/wp-json\/wp\/v2\/product_brand?post=1710"},{"taxonomy":"product_cat","embeddable":true,"href":"https:\/\/www.teamprofi.de\/sc-baierbrunn\/wp-json\/wp\/v2\/product_cat?post=1710"},{"taxonomy":"product_tag","embeddable":true,"href":"https:\/\/www.teamprofi.de\/sc-baierbrunn\/wp-json\/wp\/v2\/product_tag?post=1710"}],"curies":[{"name":"wp","href":"https:\/\/api.w.org\/{rel}","templated":true}]}}