{"id":1398,"date":"2024-05-10T18:14:37","date_gmt":"2024-05-10T16:14:37","guid":{"rendered":"https:\/\/www.teamprofi.de\/putzbrunner-sv\/?post_type=product&#038;p=1398"},"modified":"2024-05-31T10:42:36","modified_gmt":"2024-05-31T08:42:36","slug":"tight-power-damen","status":"publish","type":"product","link":"https:\/\/www.teamprofi.de\/putzbrunner-sv\/produkt\/tight-power-damen\/","title":{"rendered":"Tight Power Damen"},"content":{"rendered":"<div class=\"productPageDescriptions\">\n<div class=\"productPageDescription isFirst active\">\n<div class=\"productPageDescription__headline\"><strong>Beschreibung<\/strong><\/div>\n<div><\/div>\n<div class=\"productPageDescription__wrapper\">\n<div class=\"productPageDescription__content\">\n<p><strong>Stilvolle Leistung: Die Tight Power Damen f\u00fcr dein Workout<\/strong><\/p>\n<p>Mach dich bereit f\u00fcr maximale Performance. Die Tight Power Damen ist der ideale Begleiter f\u00fcr dein Workout. Mit einem modernen Design und durchdachten Details setzt diese Tight sportliche Ma\u00dfst\u00e4be und modische Akzente. Der komfortable, extra breite Bund garantiert eine optimale Passform. Die seitliche Einschubtasche rechts und das kleine Schl\u00fcsselfach im Komfort-Bund bieten praktischen Stauraum f\u00fcr deine Essentials. Der Seiteneinsatz in Wabenstruktur verleiht der Tight eine moderne Note, w\u00e4hrend Flatlock-N\u00e4hte f\u00fcr h\u00f6chsten Tragekomfort sorgen. Mit mindestens 50 % recyceltem Polyester setzt die Tight Power Damen ein klares Statement f\u00fcr Nachhaltigkeit. Die Keep Dry Funktion h\u00e4lt dich bei jedem Workout angenehm trocken. Microfeine Fasern transportieren Feuchtigkeit unmittelbar an die Oberfl\u00e4che des Stoffes.<\/p>\n<\/div>\n<div><\/div>\n<\/div>\n<\/div>\n<div class=\"productPageDescription active\">\n<div class=\"productPageDescription__headline\"><strong>Details<\/strong><\/div>\n<div class=\"productPageDescription__wrapper\">\n<div class=\"productPageDescription__content\">\n<ul>\n<li>Seiteneinsatz in Wabenstruktur<\/li>\n<li>Komfortabler, extra breiter Bund<\/li>\n<li>Polyester-Stretch-Jersey<\/li>\n<li>KleinesSchl\u00fcsselfach im Komfort-Bund<\/li>\n<li>Flatlock-N\u00e4hte<\/li>\n<li>Seitliche Einschubtascherechts<\/li>\n<\/ul>\n<\/div>\n<\/div>\n<\/div>\n<div class=\"productPageDescription active\">\n<div class=\"productPageDescription__headline\"><strong>Material<\/strong><\/div>\n<div class=\"productPageDescription__wrapper\">\n<div class=\"productPageDescription__content\">\n<ul>\n<li>82 % Polyester (recycelt), 18 % Elasthan<\/li>\n<\/ul>\n<\/div>\n<\/div>\n<\/div>\n<\/div>\n<div class=\"productPageAttributeIcons\"><img decoding=\"async\" title=\"\" src=\"https:\/\/cdn.jako.de\/userdata\/dcshop\/filter_icon\/979442_fair_logo_halb_70x70px.jpg\" alt=\"Mindestens 50 % der eingesetzten Materialien bestehen aus recyceltem Polyester\" width=\"37px\" height=\"37px\" data-toggle=\"tooltip\" data-original-title=\"Mindestens 50 % der eingesetzten Materialien bestehen aus recyceltem Polyester\" \/> <img decoding=\"async\" title=\"\" src=\"https:\/\/cdn.jako.de\/userdata\/dcshop\/filter_icon\/251439_tec_konzept_keep_dry_2021_70x70px.jpg\" alt=\"Microfeine Fasern transportieren Feuchtigkeit unmittelbar an die Oberfl\u00e4che des Stoffes. So gew\u00e4hrleistet KEEP DRY, dass das Material sehr schnell trocknet und Du beim Sport nicht ausk\u00fchlst. \" width=\"37px\" height=\"37px\" data-toggle=\"tooltip\" data-original-title=\"Microfeine Fasern transportieren Feuchtigkeit unmittelbar an die Oberfl\u00e4che des Stoffes. So gew\u00e4hrleistet KEEP DRY, dass das Material sehr schnell trocknet und Du beim Sport nicht ausk\u00fchlst. \" \/> <img decoding=\"async\" class=\"\" title=\"\" src=\"https:\/\/cdn.jako.de\/userdata\/dcshop\/filter_icon\/170931_wash40.png\" alt=\"40\u00b0 waschen\" width=\"37px\" height=\"37px\" data-toggle=\"tooltip\" data-original-title=\"40\u00b0 waschen\" \/> <img decoding=\"async\" class=\"\" title=\"\" src=\"https:\/\/cdn.jako.de\/userdata\/dcshop\/filter_icon\/911081_bleach_not.png\" alt=\"Nicht chloren\" width=\"37px\" height=\"37px\" data-toggle=\"tooltip\" data-original-title=\"Nicht chloren\" \/> <img decoding=\"async\" class=\"\" title=\"\" src=\"https:\/\/cdn.jako.de\/userdata\/dcshop\/filter_icon\/848187_tumble_low.png\" alt=\"Trocknen niedrige Temperatur\" width=\"37px\" height=\"37px\" data-toggle=\"tooltip\" data-original-title=\"Trocknen niedrige Temperatur\" \/> <img decoding=\"async\" class=\"\" title=\"\" src=\"https:\/\/cdn.jako.de\/userdata\/dcshop\/filter_icon\/438269_iron_low.png\" alt=\"B\u00fcgeln niedrige Temperatur\" width=\"37px\" height=\"37px\" data-toggle=\"tooltip\" data-original-title=\"B\u00fcgeln niedrige Temperatur\" \/> <img decoding=\"async\" class=\"\" title=\"\" src=\"https:\/\/cdn.jako.de\/userdata\/dcshop\/filter_icon\/591149_clean_not.png\" alt=\"Nicht chemisch reinigen\" width=\"37px\" height=\"37px\" data-toggle=\"tooltip\" data-original-title=\"Nicht chemisch reinigen\" \/><\/div>\n","protected":false},"excerpt":{"rendered":"<p>Beschreibung Stilvolle Leistung: Die Tight Power Damen f\u00fcr dein Workout Mach dich bereit f\u00fcr maximale Performance. Die Tight Power Damen ist der ideale Begleiter f\u00fcr dein Workout. Mit einem modernen<\/p>\n","protected":false},"featured_media":1409,"template":"","meta":{"inline_featured_image":false},"product_brand":[],"product_cat":[139],"product_tag":[],"class_list":{"0":"post-1398","1":"product","2":"type-product","3":"status-publish","4":"has-post-thumbnail","6":"product_cat-turnen","8":"first","9":"instock","10":"taxable","11":"shipping-taxable","12":"purchasable","13":"product-type-variable"},"yoast_head":"<!-- This site is optimized with the Yoast SEO plugin v27.3 - https:\/\/yoast.com\/product\/yoast-seo-wordpress\/ -->\n<title>Tight Power Damen - Putzbrunner SV<\/title>\n<meta name=\"robots\" content=\"index, follow, max-snippet:-1, max-image-preview:large, max-video-preview:-1\" \/>\n<link rel=\"canonical\" href=\"https:\/\/www.teamprofi.de\/putzbrunner-sv\/produkt\/tight-power-damen\/\" \/>\n<meta property=\"og:locale\" content=\"de_DE\" \/>\n<meta property=\"og:type\" content=\"article\" \/>\n<meta property=\"og:title\" content=\"Tight Power Damen - Putzbrunner SV\" \/>\n<meta property=\"og:description\" content=\"Beschreibung Stilvolle Leistung: Die Tight Power Damen f\u00fcr dein Workout Mach dich bereit f\u00fcr maximale Performance. Die Tight Power Damen ist der ideale Begleiter f\u00fcr dein Workout. Mit einem modernen\" \/>\n<meta property=\"og:url\" content=\"https:\/\/www.teamprofi.de\/putzbrunner-sv\/produkt\/tight-power-damen\/\" \/>\n<meta property=\"og:site_name\" content=\"Putzbrunner SV\" \/>\n<meta property=\"article:modified_time\" content=\"2024-05-31T08:42:36+00:00\" \/>\n<meta property=\"og:image\" content=\"https:\/\/www.teamprofi.de\/putzbrunner-sv\/wp-content\/uploads\/sites\/28\/2024\/05\/8376D_802.jpg\" \/>\n\t<meta property=\"og:image:width\" content=\"1200\" \/>\n\t<meta property=\"og:image:height\" content=\"1200\" \/>\n\t<meta property=\"og:image:type\" content=\"image\/jpeg\" \/>\n<meta name=\"twitter:card\" content=\"summary_large_image\" \/>\n<meta name=\"twitter:label1\" content=\"Gesch\u00e4tzte Lesezeit\" \/>\n\t<meta name=\"twitter:data1\" content=\"1\u00a0Minute\" \/>\n<script type=\"application\/ld+json\" class=\"yoast-schema-graph\">{\"@context\":\"https:\\\/\\\/schema.org\",\"@graph\":[{\"@type\":\"WebPage\",\"@id\":\"https:\\\/\\\/www.teamprofi.de\\\/putzbrunner-sv\\\/produkt\\\/tight-power-damen\\\/\",\"url\":\"https:\\\/\\\/www.teamprofi.de\\\/putzbrunner-sv\\\/produkt\\\/tight-power-damen\\\/\",\"name\":\"Tight Power Damen - Putzbrunner SV\",\"isPartOf\":{\"@id\":\"https:\\\/\\\/www.teamprofi.de\\\/putzbrunner-sv\\\/#website\"},\"primaryImageOfPage\":{\"@id\":\"https:\\\/\\\/www.teamprofi.de\\\/putzbrunner-sv\\\/produkt\\\/tight-power-damen\\\/#primaryimage\"},\"image\":{\"@id\":\"https:\\\/\\\/www.teamprofi.de\\\/putzbrunner-sv\\\/produkt\\\/tight-power-damen\\\/#primaryimage\"},\"thumbnailUrl\":\"https:\\\/\\\/www.teamprofi.de\\\/putzbrunner-sv\\\/wp-content\\\/uploads\\\/sites\\\/28\\\/2024\\\/05\\\/8376D_802.jpg\",\"datePublished\":\"2024-05-10T16:14:37+00:00\",\"dateModified\":\"2024-05-31T08:42:36+00:00\",\"breadcrumb\":{\"@id\":\"https:\\\/\\\/www.teamprofi.de\\\/putzbrunner-sv\\\/produkt\\\/tight-power-damen\\\/#breadcrumb\"},\"inLanguage\":\"de\",\"potentialAction\":[{\"@type\":\"ReadAction\",\"target\":[\"https:\\\/\\\/www.teamprofi.de\\\/putzbrunner-sv\\\/produkt\\\/tight-power-damen\\\/\"]}]},{\"@type\":\"ImageObject\",\"inLanguage\":\"de\",\"@id\":\"https:\\\/\\\/www.teamprofi.de\\\/putzbrunner-sv\\\/produkt\\\/tight-power-damen\\\/#primaryimage\",\"url\":\"https:\\\/\\\/www.teamprofi.de\\\/putzbrunner-sv\\\/wp-content\\\/uploads\\\/sites\\\/28\\\/2024\\\/05\\\/8376D_802.jpg\",\"contentUrl\":\"https:\\\/\\\/www.teamprofi.de\\\/putzbrunner-sv\\\/wp-content\\\/uploads\\\/sites\\\/28\\\/2024\\\/05\\\/8376D_802.jpg\",\"width\":1200,\"height\":1200},{\"@type\":\"BreadcrumbList\",\"@id\":\"https:\\\/\\\/www.teamprofi.de\\\/putzbrunner-sv\\\/produkt\\\/tight-power-damen\\\/#breadcrumb\",\"itemListElement\":[{\"@type\":\"ListItem\",\"position\":1,\"name\":\"Startseite\",\"item\":\"https:\\\/\\\/www.teamprofi.de\\\/putzbrunner-sv\\\/\"},{\"@type\":\"ListItem\",\"position\":2,\"name\":\"Shop\",\"item\":\"https:\\\/\\\/www.teamprofi.de\\\/putzbrunner-sv\\\/shop\\\/\"},{\"@type\":\"ListItem\",\"position\":3,\"name\":\"Tight Power Damen\"}]},{\"@type\":\"WebSite\",\"@id\":\"https:\\\/\\\/www.teamprofi.de\\\/putzbrunner-sv\\\/#website\",\"url\":\"https:\\\/\\\/www.teamprofi.de\\\/putzbrunner-sv\\\/\",\"name\":\"Putzbrunner SV\",\"description\":\"Eine weitere Vereins Shops - Sport G\u00fcrteler Website\",\"potentialAction\":[{\"@type\":\"SearchAction\",\"target\":{\"@type\":\"EntryPoint\",\"urlTemplate\":\"https:\\\/\\\/www.teamprofi.de\\\/putzbrunner-sv\\\/?s={search_term_string}\"},\"query-input\":{\"@type\":\"PropertyValueSpecification\",\"valueRequired\":true,\"valueName\":\"search_term_string\"}}],\"inLanguage\":\"de\"}]}<\/script>\n<!-- \/ Yoast SEO plugin. -->","yoast_head_json":{"title":"Tight Power Damen - Putzbrunner SV","robots":{"index":"index","follow":"follow","max-snippet":"max-snippet:-1","max-image-preview":"max-image-preview:large","max-video-preview":"max-video-preview:-1"},"canonical":"https:\/\/www.teamprofi.de\/putzbrunner-sv\/produkt\/tight-power-damen\/","og_locale":"de_DE","og_type":"article","og_title":"Tight Power Damen - Putzbrunner SV","og_description":"Beschreibung Stilvolle Leistung: Die Tight Power Damen f\u00fcr dein Workout Mach dich bereit f\u00fcr maximale Performance. Die Tight Power Damen ist der ideale Begleiter f\u00fcr dein Workout. Mit einem modernen","og_url":"https:\/\/www.teamprofi.de\/putzbrunner-sv\/produkt\/tight-power-damen\/","og_site_name":"Putzbrunner SV","article_modified_time":"2024-05-31T08:42:36+00:00","og_image":[{"width":1200,"height":1200,"url":"https:\/\/www.teamprofi.de\/putzbrunner-sv\/wp-content\/uploads\/sites\/28\/2024\/05\/8376D_802.jpg","type":"image\/jpeg"}],"twitter_card":"summary_large_image","twitter_misc":{"Gesch\u00e4tzte Lesezeit":"1\u00a0Minute"},"schema":{"@context":"https:\/\/schema.org","@graph":[{"@type":"WebPage","@id":"https:\/\/www.teamprofi.de\/putzbrunner-sv\/produkt\/tight-power-damen\/","url":"https:\/\/www.teamprofi.de\/putzbrunner-sv\/produkt\/tight-power-damen\/","name":"Tight Power Damen - Putzbrunner SV","isPartOf":{"@id":"https:\/\/www.teamprofi.de\/putzbrunner-sv\/#website"},"primaryImageOfPage":{"@id":"https:\/\/www.teamprofi.de\/putzbrunner-sv\/produkt\/tight-power-damen\/#primaryimage"},"image":{"@id":"https:\/\/www.teamprofi.de\/putzbrunner-sv\/produkt\/tight-power-damen\/#primaryimage"},"thumbnailUrl":"https:\/\/www.teamprofi.de\/putzbrunner-sv\/wp-content\/uploads\/sites\/28\/2024\/05\/8376D_802.jpg","datePublished":"2024-05-10T16:14:37+00:00","dateModified":"2024-05-31T08:42:36+00:00","breadcrumb":{"@id":"https:\/\/www.teamprofi.de\/putzbrunner-sv\/produkt\/tight-power-damen\/#breadcrumb"},"inLanguage":"de","potentialAction":[{"@type":"ReadAction","target":["https:\/\/www.teamprofi.de\/putzbrunner-sv\/produkt\/tight-power-damen\/"]}]},{"@type":"ImageObject","inLanguage":"de","@id":"https:\/\/www.teamprofi.de\/putzbrunner-sv\/produkt\/tight-power-damen\/#primaryimage","url":"https:\/\/www.teamprofi.de\/putzbrunner-sv\/wp-content\/uploads\/sites\/28\/2024\/05\/8376D_802.jpg","contentUrl":"https:\/\/www.teamprofi.de\/putzbrunner-sv\/wp-content\/uploads\/sites\/28\/2024\/05\/8376D_802.jpg","width":1200,"height":1200},{"@type":"BreadcrumbList","@id":"https:\/\/www.teamprofi.de\/putzbrunner-sv\/produkt\/tight-power-damen\/#breadcrumb","itemListElement":[{"@type":"ListItem","position":1,"name":"Startseite","item":"https:\/\/www.teamprofi.de\/putzbrunner-sv\/"},{"@type":"ListItem","position":2,"name":"Shop","item":"https:\/\/www.teamprofi.de\/putzbrunner-sv\/shop\/"},{"@type":"ListItem","position":3,"name":"Tight Power Damen"}]},{"@type":"WebSite","@id":"https:\/\/www.teamprofi.de\/putzbrunner-sv\/#website","url":"https:\/\/www.teamprofi.de\/putzbrunner-sv\/","name":"Putzbrunner SV","description":"Eine weitere Vereins Shops - Sport G\u00fcrteler Website","potentialAction":[{"@type":"SearchAction","target":{"@type":"EntryPoint","urlTemplate":"https:\/\/www.teamprofi.de\/putzbrunner-sv\/?s={search_term_string}"},"query-input":{"@type":"PropertyValueSpecification","valueRequired":true,"valueName":"search_term_string"}}],"inLanguage":"de"}]}},"_links":{"self":[{"href":"https:\/\/www.teamprofi.de\/putzbrunner-sv\/wp-json\/wp\/v2\/product\/1398","targetHints":{"allow":["GET"]}}],"collection":[{"href":"https:\/\/www.teamprofi.de\/putzbrunner-sv\/wp-json\/wp\/v2\/product"}],"about":[{"href":"https:\/\/www.teamprofi.de\/putzbrunner-sv\/wp-json\/wp\/v2\/types\/product"}],"wp:featuredmedia":[{"embeddable":true,"href":"https:\/\/www.teamprofi.de\/putzbrunner-sv\/wp-json\/wp\/v2\/media\/1409"}],"wp:attachment":[{"href":"https:\/\/www.teamprofi.de\/putzbrunner-sv\/wp-json\/wp\/v2\/media?parent=1398"}],"wp:term":[{"taxonomy":"product_brand","embeddable":true,"href":"https:\/\/www.teamprofi.de\/putzbrunner-sv\/wp-json\/wp\/v2\/product_brand?post=1398"},{"taxonomy":"product_cat","embeddable":true,"href":"https:\/\/www.teamprofi.de\/putzbrunner-sv\/wp-json\/wp\/v2\/product_cat?post=1398"},{"taxonomy":"product_tag","embeddable":true,"href":"https:\/\/www.teamprofi.de\/putzbrunner-sv\/wp-json\/wp\/v2\/product_tag?post=1398"}],"curies":[{"name":"wp","href":"https:\/\/api.w.org\/{rel}","templated":true}]}}