{"id":1070,"date":"2023-11-23T18:31:03","date_gmt":"2023-11-23T17:31:03","guid":{"rendered":"https:\/\/www.teamprofi.de\/putzbrunner-sv\/?post_type=product&#038;p=1070"},"modified":"2024-05-17T16:09:26","modified_gmt":"2024-05-17T14:09:26","slug":"sporttasche-classico-2","status":"publish","type":"product","link":"https:\/\/www.teamprofi.de\/putzbrunner-sv\/produkt\/sporttasche-classico-2\/","title":{"rendered":"Sporttasche Classico"},"content":{"rendered":"<div class=\"itemcard_toggle_boxes\">\n<div class=\"slidecontent_itemcard_wrapper active\">\n<div class=\"hl\"><strong>Beschreibung<\/strong><\/div>\n<div><\/div>\n<div class=\"text\">Die Sporttasche CLASSICO ist der Allesk\u00f6nner f\u00fcr den Sport. Ihr ger\u00e4umiges Hauptfach mit umlaufendem 2 &#8211; Wege &#8211; Rei\u00dfverschluss garantiert, dass die Tasche einfach zu \u00f6ffnen, packen und wieder zu schlie\u00dfen ist. Die Meshbag auf der linken Seite bietet zus\u00e4tzlichen Stauraum, der gr\u00f6\u00dfenverstellbare Schultertragegurt macht sie praktisch zu tragen. Das Fertigungsmaterial Polyester 600D ist langlebig und h\u00e4lt selbst gro\u00dfen Belastungen beim Sport stand. An den Seiten der Tasche sind das JAKO Logo und der Schriftzug JAKO angebracht.<\/div>\n<div><\/div>\n<\/div>\n<\/div>\n<div class=\"slidecontent_itemcard_wrapper active\">\n<div class=\"hl\"><strong>Details<\/strong><\/div>\n<div class=\"text\">\n<ul>\n<li>Polyester 600 D<\/li>\n<li>Ger\u00e4umiges Hauptfach mit umlaufendem 2-Wege-Rei\u00dfverschluss<\/li>\n<li>Mesh-Fach auf der linken Seite<\/li>\n<li>Tiefes Nassfach mit Rei\u00dfverschluss auf der rechten Seite<\/li>\n<li>Kleine Innentasche mit Rei\u00dfverschluss im Hauptfach<\/li>\n<li>Gr\u00f6\u00dfenverstellbarer, abnehmbarer Schultergurt<\/li>\n<li>Junior 45 x 30 x 30 cm (LxBxH) &#8211; 40Liter<\/li>\n<li>Senior 55 x 35 x 32 cm (LxBxH) &#8211; 60Liter<\/li>\n<\/ul>\n<\/div>\n<\/div>\n<div class=\"slidecontent_itemcard_wrapper active\">\n<div class=\"hl\"><strong>Material<\/strong><\/div>\n<div class=\"text\">\n<ul>\n<li>100 % Polyester<\/li>\n<\/ul>\n<\/div>\n<\/div>\n<div class=\"attributeIcons\"><img decoding=\"async\" title=\"\" src=\"https:\/\/cdn.jako.de\/userdata\/dcshop\/filter_icon\/185808_wash_not.png\" alt=\"Nicht waschen\" width=\"37px\" height=\"37px\" data-toggle=\"tooltip\" data-original-title=\"Nicht waschen\" \/><img decoding=\"async\" title=\"\" src=\"https:\/\/cdn.jako.de\/userdata\/dcshop\/filter_icon\/911081_bleach_not.png\" alt=\"Nicht bleichen\" width=\"37px\" height=\"37px\" data-toggle=\"tooltip\" data-original-title=\"Nicht bleichen\" \/><img decoding=\"async\" class=\"\" title=\"\" src=\"https:\/\/cdn.jako.de\/userdata\/dcshop\/filter_icon\/761917_tumble_not.png\" alt=\"Nicht trocknen\" width=\"37px\" height=\"37px\" data-toggle=\"tooltip\" data-original-title=\"Nicht trocknen\" \/><img decoding=\"async\" class=\"\" title=\"\" src=\"https:\/\/cdn.jako.de\/userdata\/dcshop\/filter_icon\/619961_iron_not.png\" alt=\"Nicht b\u00fcgeln\" width=\"37px\" height=\"37px\" data-toggle=\"tooltip\" data-original-title=\"Nicht b\u00fcgeln\" \/><img decoding=\"async\" class=\"\" title=\"\" src=\"https:\/\/cdn.jako.de\/userdata\/dcshop\/filter_icon\/591149_clean_not.png\" alt=\"Keine chemische Reinigung\" width=\"37px\" height=\"37px\" data-toggle=\"tooltip\" data-original-title=\"Keine chemische Reinigung\" \/><\/div>\n","protected":false},"excerpt":{"rendered":"<p>Beschreibung Die Sporttasche CLASSICO ist der Allesk\u00f6nner f\u00fcr den Sport. Ihr ger\u00e4umiges Hauptfach mit umlaufendem 2 &#8211; Wege &#8211; Rei\u00dfverschluss garantiert, dass die Tasche einfach zu \u00f6ffnen, packen und wieder<\/p>\n","protected":false},"featured_media":1076,"template":"","meta":{"inline_featured_image":false},"product_brand":[],"product_cat":[139],"product_tag":[],"class_list":{"0":"post-1070","1":"product","2":"type-product","3":"status-publish","4":"has-post-thumbnail","6":"product_cat-turnen","8":"first","9":"instock","10":"taxable","11":"shipping-taxable","12":"purchasable","13":"product-type-variable"},"yoast_head":"<!-- This site is optimized with the Yoast SEO plugin v27.3 - https:\/\/yoast.com\/product\/yoast-seo-wordpress\/ -->\n<title>Sporttasche Classico - Putzbrunner SV<\/title>\n<meta name=\"robots\" content=\"index, follow, max-snippet:-1, max-image-preview:large, max-video-preview:-1\" \/>\n<link rel=\"canonical\" href=\"https:\/\/www.teamprofi.de\/putzbrunner-sv\/produkt\/sporttasche-classico-2\/\" \/>\n<meta property=\"og:locale\" content=\"de_DE\" \/>\n<meta property=\"og:type\" content=\"article\" \/>\n<meta property=\"og:title\" content=\"Sporttasche Classico - Putzbrunner SV\" \/>\n<meta property=\"og:description\" content=\"Beschreibung Die Sporttasche CLASSICO ist der Allesk\u00f6nner f\u00fcr den Sport. Ihr ger\u00e4umiges Hauptfach mit umlaufendem 2 &#8211; Wege &#8211; Rei\u00dfverschluss garantiert, dass die Tasche einfach zu \u00f6ffnen, packen und wieder\" \/>\n<meta property=\"og:url\" content=\"https:\/\/www.teamprofi.de\/putzbrunner-sv\/produkt\/sporttasche-classico-2\/\" \/>\n<meta property=\"og:site_name\" content=\"Putzbrunner SV\" \/>\n<meta property=\"article:modified_time\" content=\"2024-05-17T14:09:26+00:00\" \/>\n<meta property=\"og:image\" content=\"https:\/\/www.teamprofi.de\/putzbrunner-sv\/wp-content\/uploads\/sites\/28\/2023\/11\/1950_08V.jpg\" \/>\n\t<meta property=\"og:image:width\" content=\"2362\" \/>\n\t<meta property=\"og:image:height\" content=\"2362\" \/>\n\t<meta property=\"og:image:type\" content=\"image\/jpeg\" \/>\n<meta name=\"twitter:card\" content=\"summary_large_image\" \/>\n<meta name=\"twitter:label1\" content=\"Gesch\u00e4tzte Lesezeit\" \/>\n\t<meta name=\"twitter:data1\" content=\"1\u00a0Minute\" \/>\n<script type=\"application\/ld+json\" class=\"yoast-schema-graph\">{\"@context\":\"https:\\\/\\\/schema.org\",\"@graph\":[{\"@type\":\"WebPage\",\"@id\":\"https:\\\/\\\/www.teamprofi.de\\\/putzbrunner-sv\\\/produkt\\\/sporttasche-classico-2\\\/\",\"url\":\"https:\\\/\\\/www.teamprofi.de\\\/putzbrunner-sv\\\/produkt\\\/sporttasche-classico-2\\\/\",\"name\":\"Sporttasche Classico - Putzbrunner SV\",\"isPartOf\":{\"@id\":\"https:\\\/\\\/www.teamprofi.de\\\/putzbrunner-sv\\\/#website\"},\"primaryImageOfPage\":{\"@id\":\"https:\\\/\\\/www.teamprofi.de\\\/putzbrunner-sv\\\/produkt\\\/sporttasche-classico-2\\\/#primaryimage\"},\"image\":{\"@id\":\"https:\\\/\\\/www.teamprofi.de\\\/putzbrunner-sv\\\/produkt\\\/sporttasche-classico-2\\\/#primaryimage\"},\"thumbnailUrl\":\"https:\\\/\\\/www.teamprofi.de\\\/putzbrunner-sv\\\/wp-content\\\/uploads\\\/sites\\\/28\\\/2023\\\/11\\\/1950_08V.jpg\",\"datePublished\":\"2023-11-23T17:31:03+00:00\",\"dateModified\":\"2024-05-17T14:09:26+00:00\",\"breadcrumb\":{\"@id\":\"https:\\\/\\\/www.teamprofi.de\\\/putzbrunner-sv\\\/produkt\\\/sporttasche-classico-2\\\/#breadcrumb\"},\"inLanguage\":\"de\",\"potentialAction\":[{\"@type\":\"ReadAction\",\"target\":[\"https:\\\/\\\/www.teamprofi.de\\\/putzbrunner-sv\\\/produkt\\\/sporttasche-classico-2\\\/\"]}]},{\"@type\":\"ImageObject\",\"inLanguage\":\"de\",\"@id\":\"https:\\\/\\\/www.teamprofi.de\\\/putzbrunner-sv\\\/produkt\\\/sporttasche-classico-2\\\/#primaryimage\",\"url\":\"https:\\\/\\\/www.teamprofi.de\\\/putzbrunner-sv\\\/wp-content\\\/uploads\\\/sites\\\/28\\\/2023\\\/11\\\/1950_08V.jpg\",\"contentUrl\":\"https:\\\/\\\/www.teamprofi.de\\\/putzbrunner-sv\\\/wp-content\\\/uploads\\\/sites\\\/28\\\/2023\\\/11\\\/1950_08V.jpg\",\"width\":2362,\"height\":2362},{\"@type\":\"BreadcrumbList\",\"@id\":\"https:\\\/\\\/www.teamprofi.de\\\/putzbrunner-sv\\\/produkt\\\/sporttasche-classico-2\\\/#breadcrumb\",\"itemListElement\":[{\"@type\":\"ListItem\",\"position\":1,\"name\":\"Startseite\",\"item\":\"https:\\\/\\\/www.teamprofi.de\\\/putzbrunner-sv\\\/\"},{\"@type\":\"ListItem\",\"position\":2,\"name\":\"Shop\",\"item\":\"https:\\\/\\\/www.teamprofi.de\\\/putzbrunner-sv\\\/shop\\\/\"},{\"@type\":\"ListItem\",\"position\":3,\"name\":\"Sporttasche Classico\"}]},{\"@type\":\"WebSite\",\"@id\":\"https:\\\/\\\/www.teamprofi.de\\\/putzbrunner-sv\\\/#website\",\"url\":\"https:\\\/\\\/www.teamprofi.de\\\/putzbrunner-sv\\\/\",\"name\":\"Putzbrunner SV\",\"description\":\"Eine weitere Vereins Shops - Sport G\u00fcrteler Website\",\"potentialAction\":[{\"@type\":\"SearchAction\",\"target\":{\"@type\":\"EntryPoint\",\"urlTemplate\":\"https:\\\/\\\/www.teamprofi.de\\\/putzbrunner-sv\\\/?s={search_term_string}\"},\"query-input\":{\"@type\":\"PropertyValueSpecification\",\"valueRequired\":true,\"valueName\":\"search_term_string\"}}],\"inLanguage\":\"de\"}]}<\/script>\n<!-- \/ Yoast SEO plugin. -->","yoast_head_json":{"title":"Sporttasche Classico - Putzbrunner SV","robots":{"index":"index","follow":"follow","max-snippet":"max-snippet:-1","max-image-preview":"max-image-preview:large","max-video-preview":"max-video-preview:-1"},"canonical":"https:\/\/www.teamprofi.de\/putzbrunner-sv\/produkt\/sporttasche-classico-2\/","og_locale":"de_DE","og_type":"article","og_title":"Sporttasche Classico - Putzbrunner SV","og_description":"Beschreibung Die Sporttasche CLASSICO ist der Allesk\u00f6nner f\u00fcr den Sport. Ihr ger\u00e4umiges Hauptfach mit umlaufendem 2 &#8211; Wege &#8211; Rei\u00dfverschluss garantiert, dass die Tasche einfach zu \u00f6ffnen, packen und wieder","og_url":"https:\/\/www.teamprofi.de\/putzbrunner-sv\/produkt\/sporttasche-classico-2\/","og_site_name":"Putzbrunner SV","article_modified_time":"2024-05-17T14:09:26+00:00","og_image":[{"width":2362,"height":2362,"url":"https:\/\/www.teamprofi.de\/putzbrunner-sv\/wp-content\/uploads\/sites\/28\/2023\/11\/1950_08V.jpg","type":"image\/jpeg"}],"twitter_card":"summary_large_image","twitter_misc":{"Gesch\u00e4tzte Lesezeit":"1\u00a0Minute"},"schema":{"@context":"https:\/\/schema.org","@graph":[{"@type":"WebPage","@id":"https:\/\/www.teamprofi.de\/putzbrunner-sv\/produkt\/sporttasche-classico-2\/","url":"https:\/\/www.teamprofi.de\/putzbrunner-sv\/produkt\/sporttasche-classico-2\/","name":"Sporttasche Classico - Putzbrunner SV","isPartOf":{"@id":"https:\/\/www.teamprofi.de\/putzbrunner-sv\/#website"},"primaryImageOfPage":{"@id":"https:\/\/www.teamprofi.de\/putzbrunner-sv\/produkt\/sporttasche-classico-2\/#primaryimage"},"image":{"@id":"https:\/\/www.teamprofi.de\/putzbrunner-sv\/produkt\/sporttasche-classico-2\/#primaryimage"},"thumbnailUrl":"https:\/\/www.teamprofi.de\/putzbrunner-sv\/wp-content\/uploads\/sites\/28\/2023\/11\/1950_08V.jpg","datePublished":"2023-11-23T17:31:03+00:00","dateModified":"2024-05-17T14:09:26+00:00","breadcrumb":{"@id":"https:\/\/www.teamprofi.de\/putzbrunner-sv\/produkt\/sporttasche-classico-2\/#breadcrumb"},"inLanguage":"de","potentialAction":[{"@type":"ReadAction","target":["https:\/\/www.teamprofi.de\/putzbrunner-sv\/produkt\/sporttasche-classico-2\/"]}]},{"@type":"ImageObject","inLanguage":"de","@id":"https:\/\/www.teamprofi.de\/putzbrunner-sv\/produkt\/sporttasche-classico-2\/#primaryimage","url":"https:\/\/www.teamprofi.de\/putzbrunner-sv\/wp-content\/uploads\/sites\/28\/2023\/11\/1950_08V.jpg","contentUrl":"https:\/\/www.teamprofi.de\/putzbrunner-sv\/wp-content\/uploads\/sites\/28\/2023\/11\/1950_08V.jpg","width":2362,"height":2362},{"@type":"BreadcrumbList","@id":"https:\/\/www.teamprofi.de\/putzbrunner-sv\/produkt\/sporttasche-classico-2\/#breadcrumb","itemListElement":[{"@type":"ListItem","position":1,"name":"Startseite","item":"https:\/\/www.teamprofi.de\/putzbrunner-sv\/"},{"@type":"ListItem","position":2,"name":"Shop","item":"https:\/\/www.teamprofi.de\/putzbrunner-sv\/shop\/"},{"@type":"ListItem","position":3,"name":"Sporttasche Classico"}]},{"@type":"WebSite","@id":"https:\/\/www.teamprofi.de\/putzbrunner-sv\/#website","url":"https:\/\/www.teamprofi.de\/putzbrunner-sv\/","name":"Putzbrunner SV","description":"Eine weitere Vereins Shops - Sport G\u00fcrteler Website","potentialAction":[{"@type":"SearchAction","target":{"@type":"EntryPoint","urlTemplate":"https:\/\/www.teamprofi.de\/putzbrunner-sv\/?s={search_term_string}"},"query-input":{"@type":"PropertyValueSpecification","valueRequired":true,"valueName":"search_term_string"}}],"inLanguage":"de"}]}},"_links":{"self":[{"href":"https:\/\/www.teamprofi.de\/putzbrunner-sv\/wp-json\/wp\/v2\/product\/1070","targetHints":{"allow":["GET"]}}],"collection":[{"href":"https:\/\/www.teamprofi.de\/putzbrunner-sv\/wp-json\/wp\/v2\/product"}],"about":[{"href":"https:\/\/www.teamprofi.de\/putzbrunner-sv\/wp-json\/wp\/v2\/types\/product"}],"wp:featuredmedia":[{"embeddable":true,"href":"https:\/\/www.teamprofi.de\/putzbrunner-sv\/wp-json\/wp\/v2\/media\/1076"}],"wp:attachment":[{"href":"https:\/\/www.teamprofi.de\/putzbrunner-sv\/wp-json\/wp\/v2\/media?parent=1070"}],"wp:term":[{"taxonomy":"product_brand","embeddable":true,"href":"https:\/\/www.teamprofi.de\/putzbrunner-sv\/wp-json\/wp\/v2\/product_brand?post=1070"},{"taxonomy":"product_cat","embeddable":true,"href":"https:\/\/www.teamprofi.de\/putzbrunner-sv\/wp-json\/wp\/v2\/product_cat?post=1070"},{"taxonomy":"product_tag","embeddable":true,"href":"https:\/\/www.teamprofi.de\/putzbrunner-sv\/wp-json\/wp\/v2\/product_tag?post=1070"}],"curies":[{"name":"wp","href":"https:\/\/api.w.org\/{rel}","templated":true}]}}