{"id":902,"date":"2022-05-27T16:00:25","date_gmt":"2022-05-27T14:00:25","guid":{"rendered":"https:\/\/www.teamprofi.de\/forst-united\/?post_type=product&#038;p=902"},"modified":"2022-11-17T11:17:29","modified_gmt":"2022-11-17T10:17:29","slug":"trolley","status":"publish","type":"product","link":"https:\/\/www.teamprofi.de\/forst-united\/produkt\/trolley","title":{"rendered":"Trolley"},"content":{"rendered":"<ul>\n<li>U-f\u00f6rmige \u00d6ffnung<\/li>\n<li>Aufgesetzte Seitentasche mit Rei\u00dfverschluss<\/li>\n<li>Gr\u00f6\u00dfe L &amp; XL: zus\u00e4tzlich gro\u00dfe Seitentasche<\/li>\n<li>Gr\u00f6\u00dfe XL: Teleskop aus hochwertigem Aluminium und Griff aus Nylon<\/li>\n<li>gro\u00dfe Freifl\u00e4chen f\u00fcr Veredelung<\/li>\n<li>Sporttasche mit Trolley-Funktion<\/li>\n<li>Gr\u00f6\u00dfe XL: gro\u00dfes Bodenfach<\/li>\n<li>Gr\u00f6\u00dfe XL: verbesserter Rollen zur Ger\u00e4uschreduzierung<\/li>\n<li>55% Polyester + 45% recyceltes Polyester<\/li>\n<\/ul>\n","protected":false},"excerpt":{"rendered":"<p>U-f\u00f6rmige \u00d6ffnung Aufgesetzte Seitentasche mit Rei\u00dfverschluss Gr\u00f6\u00dfe L &amp; XL: zus\u00e4tzlich gro\u00dfe Seitentasche Gr\u00f6\u00dfe XL: Teleskop aus hochwertigem Aluminium und Griff aus Nylon gro\u00dfe Freifl\u00e4chen f\u00fcr Veredelung Sporttasche mit Trolley-Funktion<\/p>\n","protected":false},"featured_media":893,"template":"","meta":{"inline_featured_image":false},"product_brand":[],"product_cat":[107],"product_tag":[],"class_list":{"0":"post-902","1":"product","2":"type-product","3":"status-publish","4":"has-post-thumbnail","6":"product_cat-teamsport","8":"first","9":"instock","10":"taxable","11":"shipping-taxable","12":"purchasable","13":"product-type-variable"},"yoast_head":"<!-- This site is optimized with the Yoast SEO plugin v27.3 - https:\/\/yoast.com\/product\/yoast-seo-wordpress\/ -->\n<title>Trolley - Forst United Ebersberg<\/title>\n<meta name=\"robots\" content=\"index, follow, max-snippet:-1, max-image-preview:large, max-video-preview:-1\" \/>\n<link rel=\"canonical\" href=\"https:\/\/www.teamprofi.de\/forst-united\/produkt\/trolley\" \/>\n<meta property=\"og:locale\" content=\"de_DE\" \/>\n<meta property=\"og:type\" content=\"article\" \/>\n<meta property=\"og:title\" content=\"Trolley - Forst United Ebersberg\" \/>\n<meta property=\"og:description\" content=\"U-f\u00f6rmige \u00d6ffnung Aufgesetzte Seitentasche mit Rei\u00dfverschluss Gr\u00f6\u00dfe L &amp; XL: zus\u00e4tzlich gro\u00dfe Seitentasche Gr\u00f6\u00dfe XL: Teleskop aus hochwertigem Aluminium und Griff aus Nylon gro\u00dfe Freifl\u00e4chen f\u00fcr Veredelung Sporttasche mit Trolley-Funktion\" \/>\n<meta property=\"og:url\" content=\"https:\/\/www.teamprofi.de\/forst-united\/produkt\/trolley\" \/>\n<meta property=\"og:site_name\" content=\"Forst United Ebersberg\" \/>\n<meta property=\"article:modified_time\" content=\"2022-11-17T10:17:29+00:00\" \/>\n<meta property=\"og:image\" content=\"https:\/\/www.teamprofi.de\/forst-united\/wp-content\/uploads\/sites\/13\/2022\/05\/Trolley-1024x1024.jpg\" \/>\n\t<meta property=\"og:image:width\" content=\"1024\" \/>\n\t<meta property=\"og:image:height\" content=\"1024\" \/>\n\t<meta property=\"og:image:type\" content=\"image\/jpeg\" \/>\n<meta name=\"twitter:card\" content=\"summary_large_image\" \/>\n<script type=\"application\/ld+json\" class=\"yoast-schema-graph\">{\"@context\":\"https:\\\/\\\/schema.org\",\"@graph\":[{\"@type\":\"WebPage\",\"@id\":\"https:\\\/\\\/www.teamprofi.de\\\/forst-united\\\/produkt\\\/trolley\",\"url\":\"https:\\\/\\\/www.teamprofi.de\\\/forst-united\\\/produkt\\\/trolley\",\"name\":\"Trolley - Forst United Ebersberg\",\"isPartOf\":{\"@id\":\"https:\\\/\\\/www.teamprofi.de\\\/forst-united\\\/#website\"},\"primaryImageOfPage\":{\"@id\":\"https:\\\/\\\/www.teamprofi.de\\\/forst-united\\\/produkt\\\/trolley#primaryimage\"},\"image\":{\"@id\":\"https:\\\/\\\/www.teamprofi.de\\\/forst-united\\\/produkt\\\/trolley#primaryimage\"},\"thumbnailUrl\":\"https:\\\/\\\/www.teamprofi.de\\\/forst-united\\\/wp-content\\\/uploads\\\/sites\\\/13\\\/2022\\\/05\\\/Trolley.jpg\",\"datePublished\":\"2022-05-27T14:00:25+00:00\",\"dateModified\":\"2022-11-17T10:17:29+00:00\",\"breadcrumb\":{\"@id\":\"https:\\\/\\\/www.teamprofi.de\\\/forst-united\\\/produkt\\\/trolley#breadcrumb\"},\"inLanguage\":\"de\",\"potentialAction\":[{\"@type\":\"ReadAction\",\"target\":[\"https:\\\/\\\/www.teamprofi.de\\\/forst-united\\\/produkt\\\/trolley\"]}]},{\"@type\":\"ImageObject\",\"inLanguage\":\"de\",\"@id\":\"https:\\\/\\\/www.teamprofi.de\\\/forst-united\\\/produkt\\\/trolley#primaryimage\",\"url\":\"https:\\\/\\\/www.teamprofi.de\\\/forst-united\\\/wp-content\\\/uploads\\\/sites\\\/13\\\/2022\\\/05\\\/Trolley.jpg\",\"contentUrl\":\"https:\\\/\\\/www.teamprofi.de\\\/forst-united\\\/wp-content\\\/uploads\\\/sites\\\/13\\\/2022\\\/05\\\/Trolley.jpg\",\"width\":3543,\"height\":3544},{\"@type\":\"BreadcrumbList\",\"@id\":\"https:\\\/\\\/www.teamprofi.de\\\/forst-united\\\/produkt\\\/trolley#breadcrumb\",\"itemListElement\":[{\"@type\":\"ListItem\",\"position\":1,\"name\":\"Startseite\",\"item\":\"https:\\\/\\\/www.teamprofi.de\\\/forst-united\\\/\"},{\"@type\":\"ListItem\",\"position\":2,\"name\":\"Shop\",\"item\":\"https:\\\/\\\/www.teamprofi.de\\\/forst-united\\\/\"},{\"@type\":\"ListItem\",\"position\":3,\"name\":\"Trolley\"}]},{\"@type\":\"WebSite\",\"@id\":\"https:\\\/\\\/www.teamprofi.de\\\/forst-united\\\/#website\",\"url\":\"https:\\\/\\\/www.teamprofi.de\\\/forst-united\\\/\",\"name\":\"Forst United Ebersberg\",\"description\":\"Vereins-Shop - Sport G\u00fcrteler\",\"potentialAction\":[{\"@type\":\"SearchAction\",\"target\":{\"@type\":\"EntryPoint\",\"urlTemplate\":\"https:\\\/\\\/www.teamprofi.de\\\/forst-united\\\/?s={search_term_string}\"},\"query-input\":{\"@type\":\"PropertyValueSpecification\",\"valueRequired\":true,\"valueName\":\"search_term_string\"}}],\"inLanguage\":\"de\"}]}<\/script>\n<!-- \/ Yoast SEO plugin. -->","yoast_head_json":{"title":"Trolley - Forst United Ebersberg","robots":{"index":"index","follow":"follow","max-snippet":"max-snippet:-1","max-image-preview":"max-image-preview:large","max-video-preview":"max-video-preview:-1"},"canonical":"https:\/\/www.teamprofi.de\/forst-united\/produkt\/trolley","og_locale":"de_DE","og_type":"article","og_title":"Trolley - Forst United Ebersberg","og_description":"U-f\u00f6rmige \u00d6ffnung Aufgesetzte Seitentasche mit Rei\u00dfverschluss Gr\u00f6\u00dfe L &amp; XL: zus\u00e4tzlich gro\u00dfe Seitentasche Gr\u00f6\u00dfe XL: Teleskop aus hochwertigem Aluminium und Griff aus Nylon gro\u00dfe Freifl\u00e4chen f\u00fcr Veredelung Sporttasche mit Trolley-Funktion","og_url":"https:\/\/www.teamprofi.de\/forst-united\/produkt\/trolley","og_site_name":"Forst United Ebersberg","article_modified_time":"2022-11-17T10:17:29+00:00","og_image":[{"width":1024,"height":1024,"url":"https:\/\/www.teamprofi.de\/forst-united\/wp-content\/uploads\/sites\/13\/2022\/05\/Trolley-1024x1024.jpg","type":"image\/jpeg"}],"twitter_card":"summary_large_image","schema":{"@context":"https:\/\/schema.org","@graph":[{"@type":"WebPage","@id":"https:\/\/www.teamprofi.de\/forst-united\/produkt\/trolley","url":"https:\/\/www.teamprofi.de\/forst-united\/produkt\/trolley","name":"Trolley - Forst United Ebersberg","isPartOf":{"@id":"https:\/\/www.teamprofi.de\/forst-united\/#website"},"primaryImageOfPage":{"@id":"https:\/\/www.teamprofi.de\/forst-united\/produkt\/trolley#primaryimage"},"image":{"@id":"https:\/\/www.teamprofi.de\/forst-united\/produkt\/trolley#primaryimage"},"thumbnailUrl":"https:\/\/www.teamprofi.de\/forst-united\/wp-content\/uploads\/sites\/13\/2022\/05\/Trolley.jpg","datePublished":"2022-05-27T14:00:25+00:00","dateModified":"2022-11-17T10:17:29+00:00","breadcrumb":{"@id":"https:\/\/www.teamprofi.de\/forst-united\/produkt\/trolley#breadcrumb"},"inLanguage":"de","potentialAction":[{"@type":"ReadAction","target":["https:\/\/www.teamprofi.de\/forst-united\/produkt\/trolley"]}]},{"@type":"ImageObject","inLanguage":"de","@id":"https:\/\/www.teamprofi.de\/forst-united\/produkt\/trolley#primaryimage","url":"https:\/\/www.teamprofi.de\/forst-united\/wp-content\/uploads\/sites\/13\/2022\/05\/Trolley.jpg","contentUrl":"https:\/\/www.teamprofi.de\/forst-united\/wp-content\/uploads\/sites\/13\/2022\/05\/Trolley.jpg","width":3543,"height":3544},{"@type":"BreadcrumbList","@id":"https:\/\/www.teamprofi.de\/forst-united\/produkt\/trolley#breadcrumb","itemListElement":[{"@type":"ListItem","position":1,"name":"Startseite","item":"https:\/\/www.teamprofi.de\/forst-united\/"},{"@type":"ListItem","position":2,"name":"Shop","item":"https:\/\/www.teamprofi.de\/forst-united\/"},{"@type":"ListItem","position":3,"name":"Trolley"}]},{"@type":"WebSite","@id":"https:\/\/www.teamprofi.de\/forst-united\/#website","url":"https:\/\/www.teamprofi.de\/forst-united\/","name":"Forst United Ebersberg","description":"Vereins-Shop - Sport G\u00fcrteler","potentialAction":[{"@type":"SearchAction","target":{"@type":"EntryPoint","urlTemplate":"https:\/\/www.teamprofi.de\/forst-united\/?s={search_term_string}"},"query-input":{"@type":"PropertyValueSpecification","valueRequired":true,"valueName":"search_term_string"}}],"inLanguage":"de"}]}},"_links":{"self":[{"href":"https:\/\/www.teamprofi.de\/forst-united\/wp-json\/wp\/v2\/product\/902","targetHints":{"allow":["GET"]}}],"collection":[{"href":"https:\/\/www.teamprofi.de\/forst-united\/wp-json\/wp\/v2\/product"}],"about":[{"href":"https:\/\/www.teamprofi.de\/forst-united\/wp-json\/wp\/v2\/types\/product"}],"wp:featuredmedia":[{"embeddable":true,"href":"https:\/\/www.teamprofi.de\/forst-united\/wp-json\/wp\/v2\/media\/893"}],"wp:attachment":[{"href":"https:\/\/www.teamprofi.de\/forst-united\/wp-json\/wp\/v2\/media?parent=902"}],"wp:term":[{"taxonomy":"product_brand","embeddable":true,"href":"https:\/\/www.teamprofi.de\/forst-united\/wp-json\/wp\/v2\/product_brand?post=902"},{"taxonomy":"product_cat","embeddable":true,"href":"https:\/\/www.teamprofi.de\/forst-united\/wp-json\/wp\/v2\/product_cat?post=902"},{"taxonomy":"product_tag","embeddable":true,"href":"https:\/\/www.teamprofi.de\/forst-united\/wp-json\/wp\/v2\/product_tag?post=902"}],"curies":[{"name":"wp","href":"https:\/\/api.w.org\/{rel}","templated":true}]}}