{"id":475,"date":"2025-07-05T15:04:41","date_gmt":"2025-07-05T13:04:41","guid":{"rendered":"https:\/\/www.teamprofi.de\/bmw-gs-club\/?page_id=475"},"modified":"2025-07-05T15:05:52","modified_gmt":"2025-07-05T13:05:52","slug":"groessentabelle-jako","status":"publish","type":"page","link":"https:\/\/www.teamprofi.de\/bmw-gs-club\/groessentabelle-jako","title":{"rendered":"Gr\u00f6\u00dfentabelle JAKO"},"content":{"rendered":"<p>\u00dcber folgende Link werden Sie zur JAKO Gr\u00f6\u00dfentabelle geleitet.<\/p>\n<p><a href=\"https:\/\/www.jako.com\/de-de\/service\/groessentabelle\/?dimension1=U\">https:\/\/www.jako.com\/de-de\/service\/groessentabelle\/?dimension1=U<\/a><\/p>\n<p>&nbsp;<\/p>\n","protected":false},"excerpt":{"rendered":"<p>\u00dcber folgende Link werden Sie zur JAKO Gr\u00f6\u00dfentabelle geleitet. https:\/\/www.jako.com\/de-de\/service\/groessentabelle\/?dimension1=U &nbsp;<\/p>\n","protected":false},"author":95,"featured_media":0,"parent":0,"menu_order":0,"comment_status":"closed","ping_status":"closed","template":"","meta":{"inline_featured_image":false,"footnotes":""},"class_list":["post-475","page","type-page","status-publish","hentry"],"yoast_head":"<!-- This site is optimized with the Yoast SEO plugin v27.3 - https:\/\/yoast.com\/product\/yoast-seo-wordpress\/ -->\n<title>Gr\u00f6\u00dfentabelle JAKO - BMW GS Club International<\/title>\n<meta name=\"robots\" content=\"index, follow, max-snippet:-1, max-image-preview:large, max-video-preview:-1\" \/>\n<link rel=\"canonical\" href=\"https:\/\/www.teamprofi.de\/bmw-gs-club\/groessentabelle-jako\" \/>\n<meta property=\"og:locale\" content=\"de_DE\" \/>\n<meta property=\"og:type\" content=\"article\" \/>\n<meta property=\"og:title\" content=\"Gr\u00f6\u00dfentabelle JAKO - BMW GS Club International\" \/>\n<meta property=\"og:description\" content=\"\u00dcber folgende Link werden Sie zur JAKO Gr\u00f6\u00dfentabelle geleitet. https:\/\/www.jako.com\/de-de\/service\/groessentabelle\/?dimension1=U &nbsp;\" \/>\n<meta property=\"og:url\" content=\"https:\/\/www.teamprofi.de\/bmw-gs-club\/groessentabelle-jako\" \/>\n<meta property=\"og:site_name\" content=\"BMW GS Club International\" \/>\n<meta property=\"article:modified_time\" content=\"2025-07-05T13:05:52+00:00\" \/>\n<meta name=\"twitter:card\" content=\"summary_large_image\" \/>\n<meta name=\"twitter:label1\" content=\"Gesch\u00e4tzte Lesezeit\" \/>\n\t<meta name=\"twitter:data1\" content=\"1\u00a0Minute\" \/>\n<script type=\"application\/ld+json\" class=\"yoast-schema-graph\">{\"@context\":\"https:\\\/\\\/schema.org\",\"@graph\":[{\"@type\":\"WebPage\",\"@id\":\"https:\\\/\\\/www.teamprofi.de\\\/bmw-gs-club\\\/groessentabelle-jako\",\"url\":\"https:\\\/\\\/www.teamprofi.de\\\/bmw-gs-club\\\/groessentabelle-jako\",\"name\":\"Gr\u00f6\u00dfentabelle JAKO - BMW GS Club International\",\"isPartOf\":{\"@id\":\"https:\\\/\\\/www.teamprofi.de\\\/bmw-gs-club\\\/#website\"},\"datePublished\":\"2025-07-05T13:04:41+00:00\",\"dateModified\":\"2025-07-05T13:05:52+00:00\",\"breadcrumb\":{\"@id\":\"https:\\\/\\\/www.teamprofi.de\\\/bmw-gs-club\\\/groessentabelle-jako#breadcrumb\"},\"inLanguage\":\"de\",\"potentialAction\":[{\"@type\":\"ReadAction\",\"target\":[\"https:\\\/\\\/www.teamprofi.de\\\/bmw-gs-club\\\/groessentabelle-jako\"]}]},{\"@type\":\"BreadcrumbList\",\"@id\":\"https:\\\/\\\/www.teamprofi.de\\\/bmw-gs-club\\\/groessentabelle-jako#breadcrumb\",\"itemListElement\":[{\"@type\":\"ListItem\",\"position\":1,\"name\":\"Startseite\",\"item\":\"https:\\\/\\\/www.teamprofi.de\\\/bmw-gs-club\\\/\"},{\"@type\":\"ListItem\",\"position\":2,\"name\":\"Gr\u00f6\u00dfentabelle JAKO\"}]},{\"@type\":\"WebSite\",\"@id\":\"https:\\\/\\\/www.teamprofi.de\\\/bmw-gs-club\\\/#website\",\"url\":\"https:\\\/\\\/www.teamprofi.de\\\/bmw-gs-club\\\/\",\"name\":\"BMW GS Club International\",\"description\":\"\",\"potentialAction\":[{\"@type\":\"SearchAction\",\"target\":{\"@type\":\"EntryPoint\",\"urlTemplate\":\"https:\\\/\\\/www.teamprofi.de\\\/bmw-gs-club\\\/?s={search_term_string}\"},\"query-input\":{\"@type\":\"PropertyValueSpecification\",\"valueRequired\":true,\"valueName\":\"search_term_string\"}}],\"inLanguage\":\"de\"}]}<\/script>\n<!-- \/ Yoast SEO plugin. -->","yoast_head_json":{"title":"Gr\u00f6\u00dfentabelle JAKO - BMW GS Club International","robots":{"index":"index","follow":"follow","max-snippet":"max-snippet:-1","max-image-preview":"max-image-preview:large","max-video-preview":"max-video-preview:-1"},"canonical":"https:\/\/www.teamprofi.de\/bmw-gs-club\/groessentabelle-jako","og_locale":"de_DE","og_type":"article","og_title":"Gr\u00f6\u00dfentabelle JAKO - BMW GS Club International","og_description":"\u00dcber folgende Link werden Sie zur JAKO Gr\u00f6\u00dfentabelle geleitet. https:\/\/www.jako.com\/de-de\/service\/groessentabelle\/?dimension1=U &nbsp;","og_url":"https:\/\/www.teamprofi.de\/bmw-gs-club\/groessentabelle-jako","og_site_name":"BMW GS Club International","article_modified_time":"2025-07-05T13:05:52+00:00","twitter_card":"summary_large_image","twitter_misc":{"Gesch\u00e4tzte Lesezeit":"1\u00a0Minute"},"schema":{"@context":"https:\/\/schema.org","@graph":[{"@type":"WebPage","@id":"https:\/\/www.teamprofi.de\/bmw-gs-club\/groessentabelle-jako","url":"https:\/\/www.teamprofi.de\/bmw-gs-club\/groessentabelle-jako","name":"Gr\u00f6\u00dfentabelle JAKO - BMW GS Club International","isPartOf":{"@id":"https:\/\/www.teamprofi.de\/bmw-gs-club\/#website"},"datePublished":"2025-07-05T13:04:41+00:00","dateModified":"2025-07-05T13:05:52+00:00","breadcrumb":{"@id":"https:\/\/www.teamprofi.de\/bmw-gs-club\/groessentabelle-jako#breadcrumb"},"inLanguage":"de","potentialAction":[{"@type":"ReadAction","target":["https:\/\/www.teamprofi.de\/bmw-gs-club\/groessentabelle-jako"]}]},{"@type":"BreadcrumbList","@id":"https:\/\/www.teamprofi.de\/bmw-gs-club\/groessentabelle-jako#breadcrumb","itemListElement":[{"@type":"ListItem","position":1,"name":"Startseite","item":"https:\/\/www.teamprofi.de\/bmw-gs-club\/"},{"@type":"ListItem","position":2,"name":"Gr\u00f6\u00dfentabelle JAKO"}]},{"@type":"WebSite","@id":"https:\/\/www.teamprofi.de\/bmw-gs-club\/#website","url":"https:\/\/www.teamprofi.de\/bmw-gs-club\/","name":"BMW GS Club International","description":"","potentialAction":[{"@type":"SearchAction","target":{"@type":"EntryPoint","urlTemplate":"https:\/\/www.teamprofi.de\/bmw-gs-club\/?s={search_term_string}"},"query-input":{"@type":"PropertyValueSpecification","valueRequired":true,"valueName":"search_term_string"}}],"inLanguage":"de"}]}},"_links":{"self":[{"href":"https:\/\/www.teamprofi.de\/bmw-gs-club\/wp-json\/wp\/v2\/pages\/475","targetHints":{"allow":["GET"]}}],"collection":[{"href":"https:\/\/www.teamprofi.de\/bmw-gs-club\/wp-json\/wp\/v2\/pages"}],"about":[{"href":"https:\/\/www.teamprofi.de\/bmw-gs-club\/wp-json\/wp\/v2\/types\/page"}],"author":[{"embeddable":true,"href":"https:\/\/www.teamprofi.de\/bmw-gs-club\/wp-json\/wp\/v2\/users\/95"}],"replies":[{"embeddable":true,"href":"https:\/\/www.teamprofi.de\/bmw-gs-club\/wp-json\/wp\/v2\/comments?post=475"}],"version-history":[{"count":1,"href":"https:\/\/www.teamprofi.de\/bmw-gs-club\/wp-json\/wp\/v2\/pages\/475\/revisions"}],"predecessor-version":[{"id":476,"href":"https:\/\/www.teamprofi.de\/bmw-gs-club\/wp-json\/wp\/v2\/pages\/475\/revisions\/476"}],"wp:attachment":[{"href":"https:\/\/www.teamprofi.de\/bmw-gs-club\/wp-json\/wp\/v2\/media?parent=475"}],"curies":[{"name":"wp","href":"https:\/\/api.w.org\/{rel}","templated":true}]}}